Last updated on 2022-07-03 11:53:40 CEST.
Flavor | Version | Tinstall | Tcheck | Ttotal | Status | Flags |
---|---|---|---|---|---|---|
r-devel-linux-x86_64-debian-clang | 0.3.1 | 3.91 | 56.71 | 60.62 | NOTE | |
r-devel-linux-x86_64-debian-gcc | 0.3.1 | 2.99 | 41.88 | 44.87 | NOTE | |
r-devel-linux-x86_64-fedora-clang | 0.3.1 | 82.51 | NOTE | |||
r-devel-linux-x86_64-fedora-gcc | 0.3.1 | 80.30 | NOTE | |||
r-devel-windows-x86_64 | 0.3.1 | 18.00 | 80.00 | 98.00 | NOTE | |
r-patched-linux-x86_64 | 0.3.1 | 4.71 | 54.45 | 59.16 | NOTE | |
r-release-linux-x86_64 | 0.3.1 | 4.28 | 52.73 | 57.01 | NOTE | |
r-release-macos-arm64 | 0.3.1 | 25.00 | NOTE | |||
r-release-macos-x86_64 | 0.3.1 | 42.00 | NOTE | |||
r-release-windows-x86_64 | 0.3.1 | 7.00 | 81.00 | 88.00 | NOTE | |
r-oldrel-macos-arm64 | 0.3.1 | 29.00 | NOTE | |||
r-oldrel-macos-x86_64 | 0.3.1 | 36.00 | NOTE | |||
r-oldrel-windows-ix86+x86_64 | 0.3.1 | 11.00 | 76.00 | 87.00 | NOTE |
Version: 0.3.1
Check: LazyData
Result: NOTE
'LazyData' is specified without a 'data' directory
Flavors: r-devel-linux-x86_64-debian-clang, r-devel-linux-x86_64-debian-gcc, r-devel-linux-x86_64-fedora-clang, r-devel-linux-x86_64-fedora-gcc, r-devel-windows-x86_64, r-patched-linux-x86_64, r-release-linux-x86_64, r-release-macos-arm64, r-release-macos-x86_64, r-release-windows-x86_64, r-oldrel-macos-arm64, r-oldrel-macos-x86_64, r-oldrel-windows-ix86+x86_64