CRAN Package Check Results for Package imbalance

Last updated on 2024-02-25 10:54:27 CET.

Flavor Version Tinstall Tcheck Ttotal Status Flags
r-devel-linux-x86_64-debian-clang 1.0.2.1 56.99 107.99 164.98 NOTE
r-devel-linux-x86_64-debian-gcc 1.0.2.1 43.13 79.46 122.59 NOTE
r-devel-linux-x86_64-fedora-clang 1.0.2.1 225.79 NOTE
r-devel-linux-x86_64-fedora-gcc 1.0.2.1 229.89 NOTE
r-devel-windows-x86_64 1.0.2.1 48.00 130.00 178.00 NOTE
r-patched-linux-x86_64 1.0.2.1 56.20 104.47 160.67 NOTE
r-release-linux-x86_64 1.0.2.1 56.72 104.97 161.69 NOTE
r-release-macos-arm64 1.0.2.1 68.00 NOTE
r-release-macos-x86_64 1.0.2.1 109.00 NOTE
r-release-windows-x86_64 1.0.2.1 59.00 153.00 212.00 NOTE
r-oldrel-macos-arm64 1.0.2.1 48.00 OK
r-oldrel-windows-x86_64 1.0.2.1 61.00 149.00 210.00 OK

Check Details

Version: 1.0.2.1
Check: C++ specification
Result: NOTE Specified C++11: please drop specification unless essential Flavors: r-devel-linux-x86_64-debian-clang, r-devel-linux-x86_64-debian-gcc, r-devel-linux-x86_64-fedora-clang, r-devel-linux-x86_64-fedora-gcc, r-devel-windows-x86_64, r-patched-linux-x86_64, r-release-linux-x86_64, r-release-macos-arm64, r-release-macos-x86_64, r-release-windows-x86_64

Version: 1.0.2.1
Check: Rd files
Result: NOTE checkRd: (-1) oversample.Rd:23-24: Lost braces 23 | minority examples and majority ones, that is, the quotient {size of | ^ checkRd: (-1) oversample.Rd:24: Lost braces; missing escapes or markup? 24 | minority class}/{size of majority class}. There are methods, such as | ^ Flavors: r-devel-linux-x86_64-debian-clang, r-devel-linux-x86_64-debian-gcc