Last updated on 2024-04-18 12:52:47 CEST.
Flavor | Version | Tinstall | Tcheck | Ttotal | Status | Flags |
---|---|---|---|---|---|---|
r-devel-linux-x86_64-debian-clang | 1.3.2 | 104.83 | 84.39 | 189.22 | OK | |
r-devel-linux-x86_64-debian-gcc | 1.3.2 | 80.59 | 65.33 | 145.92 | OK | |
r-devel-linux-x86_64-fedora-clang | 1.3.2 | 281.47 | NOTE | |||
r-devel-linux-x86_64-fedora-gcc | 1.3.2 | 279.18 | OK | |||
r-prerel-macos-arm64 | 1.3.2 | 68.00 | OK | |||
r-prerel-windows-x86_64 | 1.3.2 | 84.00 | 115.00 | 199.00 | OK | |
r-patched-linux-x86_64 | 1.3.2 | 103.46 | 85.06 | 188.52 | OK | |
r-release-linux-x86_64 | 1.3.2 | 104.13 | 83.45 | 187.58 | OK | |
r-release-macos-arm64 | 1.3.2 | 74.00 | OK | |||
r-release-macos-x86_64 | 1.3.2 | 128.00 | OK | |||
r-release-windows-x86_64 | 1.3.2 | 104.00 | 128.00 | 232.00 | OK | |
r-oldrel-macos-arm64 | 1.3.2 | 60.00 | OK | |||
r-oldrel-windows-x86_64 | 1.3.2 | 100.00 | 124.00 | 224.00 | OK |
Version: 1.3.2
Check: package dependencies
Result: NOTE
Package suggested but not available for checking: ‘tesseract’
Flavor: r-devel-linux-x86_64-fedora-clang