CRAN Package Check Results for Package imageData

Last updated on 2024-02-25 10:54:27 CET.

Flavor Version Tinstall Tcheck Ttotal Status Flags
r-devel-linux-x86_64-debian-clang 0.1-62 12.45 116.98 129.43 NOTE
r-devel-linux-x86_64-debian-gcc 0.1-62 11.03 85.71 96.74 NOTE
r-devel-linux-x86_64-fedora-clang 0.1-62 161.08 OK
r-devel-linux-x86_64-fedora-gcc 0.1-62 164.02 OK
r-devel-windows-x86_64 0.1-62 13.00 112.00 125.00 OK
r-patched-linux-x86_64 0.1-62 22.65 111.77 134.42 OK
r-release-linux-x86_64 0.1-62 12.07 109.67 121.74 OK
r-release-macos-arm64 0.1-62 55.00 OK
r-release-macos-x86_64 0.1-62 89.00 OK
r-release-windows-x86_64 0.1-62 19.00 131.00 150.00 OK
r-oldrel-macos-arm64 0.1-62 50.00 OK
r-oldrel-windows-x86_64 0.1-62 17.00 134.00 151.00 OK

Check Details

Version: 0.1-62
Check: Rd files
Result: NOTE checkRd: (-1) fitSpline.Rd:109: Lost braces 109 | \code{response} and it will have the same order of code{x} as \code{data}. | ^ Flavors: r-devel-linux-x86_64-debian-clang, r-devel-linux-x86_64-debian-gcc