Last updated on 2024-04-25 07:59:55 CEST.
Flavor | Version | Tinstall | Tcheck | Ttotal | Status | Flags |
---|---|---|---|---|---|---|
r-devel-linux-x86_64-debian-clang | 0.1 | 17.52 | 29.84 | 47.36 | NOTE | |
r-devel-linux-x86_64-debian-gcc | 0.1 | 13.58 | 22.43 | 36.01 | NOTE | |
r-devel-linux-x86_64-fedora-clang | 0.1 | 67.42 | NOTE | |||
r-devel-linux-x86_64-fedora-gcc | 0.1 | 61.33 | NOTE | |||
r-devel-windows-x86_64 | 0.1 | 17.00 | 65.00 | 82.00 | NOTE | |
r-patched-linux-x86_64 | 0.1 | 16.48 | 28.16 | 44.64 | NOTE | |
r-release-linux-x86_64 | 0.1 | 15.97 | 28.69 | 44.66 | NOTE | |
r-release-macos-arm64 | 0.1 | 20.00 | NOTE | |||
r-release-windows-x86_64 | 0.1 | 16.00 | 63.00 | 79.00 | NOTE | |
r-oldrel-macos-arm64 | 0.1 | 22.00 | NOTE | |||
r-oldrel-macos-x86_64 | 0.1 | 32.00 | NOTE | |||
r-oldrel-windows-x86_64 | 0.1 | 17.00 | 73.00 | 90.00 | NOTE |
Version: 0.1
Check: C++ specification
Result: NOTE
Specified C++11: please drop specification unless essential
Flavors: r-devel-linux-x86_64-debian-clang, r-devel-linux-x86_64-debian-gcc, r-devel-linux-x86_64-fedora-clang, r-devel-linux-x86_64-fedora-gcc, r-devel-windows-x86_64, r-patched-linux-x86_64, r-release-linux-x86_64, r-release-macos-arm64, r-release-windows-x86_64, r-oldrel-macos-arm64, r-oldrel-macos-x86_64, r-oldrel-windows-x86_64