CRAN Package Check Results for Package image.LineSegmentDetector

Last updated on 2024-02-24 11:49:29 CET.

Flavor Version Tinstall Tcheck Ttotal Status Flags
r-devel-linux-x86_64-debian-clang 0.1.0 22.24 40.42 62.66 NOTE
r-devel-linux-x86_64-debian-gcc 0.1.0 16.16 31.27 47.43 NOTE
r-devel-linux-x86_64-fedora-clang 0.1.0 89.02 OK
r-devel-linux-x86_64-fedora-gcc 0.1.0 87.28 OK
r-devel-windows-x86_64 0.1.0 21.00 74.00 95.00 OK
r-patched-linux-x86_64 0.1.0 20.47 39.16 59.63 OK
r-release-linux-x86_64 0.1.0 22.27 39.27 61.54 OK
r-release-macos-arm64 0.1.0 27.00 OK
r-release-macos-x86_64 0.1.0 44.00 OK
r-release-windows-x86_64 0.1.0 27.00 78.00 105.00 OK
r-oldrel-macos-arm64 0.1.0 29.00 OK
r-oldrel-windows-x86_64 0.1.0 26.00 78.00 104.00 OK

Check Details

Version: 0.1.0
Check: Rd files
Result: NOTE checkRd: (-1) image_line_segment_detector.Rd:65: Lost braces in \itemize; \value handles \item{}{} directly checkRd: (-1) image_line_segment_detector.Rd:66-72: Lost braces in \itemize; \value handles \item{}{} directly checkRd: (-1) image_line_segment_detector.Rd:73-76: Lost braces in \itemize; \value handles \item{}{} directly Flavors: r-devel-linux-x86_64-debian-clang, r-devel-linux-x86_64-debian-gcc