Last updated on 2024-04-24 11:20:53 CEST.
Flavor | Version | Tinstall | Tcheck | Ttotal | Status | Flags |
---|---|---|---|---|---|---|
r-devel-linux-x86_64-debian-clang | 2.3.4 | 8.20 | 68.42 | 76.62 | OK | |
r-devel-linux-x86_64-debian-gcc | 2.3.4 | 6.42 | 51.34 | 57.76 | OK | |
r-devel-linux-x86_64-fedora-clang | 2.3.4 | 95.93 | OK | |||
r-devel-linux-x86_64-fedora-gcc | 2.3.4 | 105.23 | OK | |||
r-devel-windows-x86_64 | 2.3.4 | 25.00 | 83.00 | 108.00 | OK | |
r-patched-linux-x86_64 | 2.3.4 | 8.21 | 63.61 | 71.82 | OK | |
r-release-linux-x86_64 | 2.3.4 | 8.75 | 64.36 | 73.11 | OK | |
r-release-macos-arm64 | 2.3.4 | 57.00 | NOTE | |||
r-release-windows-x86_64 | 2.3.4 | 27.00 | 83.00 | 110.00 | OK | |
r-oldrel-macos-arm64 | 2.3.4 | 42.00 | NOTE | |||
r-oldrel-macos-x86_64 | 2.3.4 | 80.00 | NOTE | |||
r-oldrel-windows-x86_64 | 2.3.4 | 18.00 | 87.00 | 105.00 | OK |
Version: 2.3.4
Check: installed package size
Result: NOTE
installed size is 7.1Mb
sub-directories of 1Mb or more:
libs 5.2Mb
Flavors: r-release-macos-arm64, r-oldrel-macos-arm64, r-oldrel-macos-x86_64