CRAN Package Check Results for Package ijtiff

Last updated on 2022-06-29 11:52:12 CEST.

Flavor Version Tinstall Tcheck Ttotal Status Flags
r-devel-linux-x86_64-debian-clang 2.2.7 8.54 61.77 70.31 OK
r-devel-linux-x86_64-debian-gcc 2.2.7 6.00 46.63 52.63 OK
r-devel-linux-x86_64-fedora-clang 2.2.7 92.98 OK
r-devel-linux-x86_64-fedora-gcc 2.2.7 91.44 OK
r-devel-windows-x86_64 2.2.7 63.00 106.00 169.00 OK
r-patched-linux-x86_64 2.2.7 7.86 57.62 65.48 OK
r-release-linux-x86_64 2.2.7 8.02 58.75 66.77 OK
r-release-macos-arm64 2.2.7 34.00 NOTE
r-release-macos-x86_64 2.2.7 46.00 NOTE
r-release-windows-x86_64 2.2.7 48.00 101.00 149.00 OK
r-oldrel-macos-arm64 2.2.7 47.00 NOTE
r-oldrel-macos-x86_64 2.2.7 41.00 NOTE
r-oldrel-windows-ix86+x86_64 2.2.7 25.00 121.00 146.00 OK

Check Details

Version: 2.2.7
Check: installed package size
Result: NOTE
     installed size is 7.1Mb
     sub-directories of 1Mb or more:
     libs 5.2Mb
Flavors: r-release-macos-arm64, r-release-macos-x86_64, r-oldrel-macos-arm64, r-oldrel-macos-x86_64