CRAN Package Check Results for Package igraphinshiny

Last updated on 2022-06-30 11:53:10 CEST.

Flavor Version Tinstall Tcheck Ttotal Status Flags
r-devel-linux-x86_64-debian-clang 0.1 3.52 37.83 41.35 NOTE
r-devel-linux-x86_64-debian-gcc 0.1 2.98 29.34 32.32 NOTE
r-devel-linux-x86_64-fedora-clang 0.1 60.51 NOTE
r-devel-linux-x86_64-fedora-gcc 0.1 59.03 NOTE
r-devel-windows-x86_64 0.1 12.00 62.00 74.00 NOTE
r-patched-linux-x86_64 0.1 3.60 36.78 40.38 NOTE
r-release-linux-x86_64 0.1 3.80 36.46 40.26 NOTE
r-release-macos-arm64 0.1 22.00 NOTE
r-release-macos-x86_64 0.1 37.00 NOTE
r-release-windows-x86_64 0.1 14.00 63.00 77.00 NOTE
r-oldrel-macos-arm64 0.1 24.00 NOTE
r-oldrel-macos-x86_64 0.1 32.00 NOTE
r-oldrel-windows-ix86+x86_64 0.1 11.00 61.00 72.00 NOTE

Check Details

Version: 0.1
Check: LazyData
Result: NOTE
     'LazyData' is specified without a 'data' directory
Flavors: r-devel-linux-x86_64-debian-clang, r-devel-linux-x86_64-debian-gcc, r-devel-linux-x86_64-fedora-clang, r-devel-linux-x86_64-fedora-gcc, r-devel-windows-x86_64, r-patched-linux-x86_64, r-release-linux-x86_64, r-release-macos-arm64, r-release-macos-x86_64, r-release-windows-x86_64, r-oldrel-macos-arm64, r-oldrel-macos-x86_64, r-oldrel-windows-ix86+x86_64