Last updated on 2024-04-24 11:20:53 CEST.
Flavor | Version | Tinstall | Tcheck | Ttotal | Status | Flags |
---|---|---|---|---|---|---|
r-devel-linux-x86_64-debian-clang | 0.2.0 | 7.74 | 127.61 | 135.35 | OK | |
r-devel-linux-x86_64-debian-gcc | 0.2.0 | 7.53 | 86.43 | 93.96 | OK | |
r-devel-linux-x86_64-fedora-clang | 0.2.0 | 165.38 | NOTE | |||
r-devel-linux-x86_64-fedora-gcc | 0.2.0 | 173.29 | NOTE | |||
r-devel-windows-x86_64 | 0.2.0 | 9.00 | 96.00 | 105.00 | OK | |
r-patched-linux-x86_64 | 0.2.0 | 8.30 | 120.19 | 128.49 | OK | |
r-release-linux-x86_64 | 0.2.0 | 8.87 | 119.84 | 128.71 | OK | |
r-release-macos-arm64 | 0.2.0 | 62.00 | OK | |||
r-release-macos-x86_64 | 0.2.0 | 164.00 | OK | |||
r-release-windows-x86_64 | 0.2.0 | 8.00 | 96.00 | 104.00 | OK | |
r-oldrel-macos-arm64 | 0.2.0 | 74.00 | OK | |||
r-oldrel-macos-x86_64 | 0.2.0 | 179.00 | OK | |||
r-oldrel-windows-x86_64 | 0.2.0 | 13.00 | 119.00 | 132.00 | OK |
Version: 0.2.0
Check: data for non-ASCII characters
Result: NOTE
Note: found 160 marked UTF-8 strings
Flavors: r-devel-linux-x86_64-fedora-clang, r-devel-linux-x86_64-fedora-gcc