CRAN Package Check Results for Package igate

Last updated on 2022-07-01 11:52:02 CEST.

Flavor Version Tinstall Tcheck Ttotal Status Flags
r-devel-linux-x86_64-debian-clang 0.3.3 8.07 85.56 93.63 OK
r-devel-linux-x86_64-debian-gcc 0.3.3 5.40 63.18 68.58 OK
r-devel-linux-x86_64-fedora-clang 0.3.3 117.93 NOTE
r-devel-linux-x86_64-fedora-gcc 0.3.3 115.82 NOTE
r-devel-windows-x86_64 0.3.3 18.00 115.00 133.00 OK
r-patched-linux-x86_64 0.3.3 6.53 80.35 86.88 OK
r-release-linux-x86_64 0.3.3 7.40 80.71 88.11 OK
r-release-macos-arm64 0.3.3 31.00 NOTE
r-release-macos-x86_64 0.3.3 58.00 NOTE
r-release-windows-x86_64 0.3.3 13.00 115.00 128.00 OK
r-oldrel-macos-arm64 0.3.3 37.00 NOTE
r-oldrel-macos-x86_64 0.3.3 54.00 NOTE
r-oldrel-windows-ix86+x86_64 0.3.3 19.00 106.00 125.00 OK

Check Details

Version: 0.3.3
Check: dependencies in R code
Result: NOTE
    Namespaces in Imports field not imported from:
     ‘kableExtra’ ‘knitr’ ‘xtable’
     All declared Imports should be used.
Flavors: r-devel-linux-x86_64-fedora-clang, r-devel-linux-x86_64-fedora-gcc, r-release-macos-arm64, r-release-macos-x86_64, r-oldrel-macos-arm64, r-oldrel-macos-x86_64