CRAN Package Check Results for Package iemisctext

Last updated on 2023-12-05 09:50:05 CET.

Flavor Version Tinstall Tcheck Ttotal Status Flags
r-devel-linux-x86_64-debian-clang 0.9.99 2.31 31.22 33.53 OK
r-devel-linux-x86_64-debian-gcc 0.9.99 1.54 23.67 25.21 OK
r-devel-linux-x86_64-fedora-clang 0.9.99 41.38 NOTE
r-devel-linux-x86_64-fedora-gcc 0.9.99 50.97 NOTE
r-devel-windows-x86_64 0.9.99 3.00 50.00 53.00 OK
r-patched-linux-x86_64 0.9.99 2.55 30.00 32.55 OK
r-release-linux-x86_64 0.9.99 1.85 29.79 31.64 OK
r-release-macos-arm64 0.9.99 26.00 OK
r-release-macos-x86_64 0.9.99 35.00 OK
r-release-windows-x86_64 0.9.99 3.00 52.00 55.00 OK
r-oldrel-macos-arm64 0.9.99 21.00 OK
r-oldrel-macos-x86_64 0.9.99 28.00 NOTE
r-oldrel-windows-x86_64 0.9.99 4.00 52.00 56.00 OK

Check Details

Version: 0.9.99
Check: data for non-ASCII characters
Result: NOTE Note: found 40 marked UTF-8 strings Flavors: r-devel-linux-x86_64-fedora-clang, r-devel-linux-x86_64-fedora-gcc, r-oldrel-macos-x86_64