Last updated on 2024-05-01 12:14:25 CEST.
Flavor | Version | Tinstall | Tcheck | Ttotal | Status | Flags |
---|---|---|---|---|---|---|
r-devel-linux-x86_64-debian-clang | 0.9.99 | 2.02 | 37.00 | 39.02 | OK | |
r-devel-linux-x86_64-debian-gcc | 0.9.99 | 1.68 | 28.59 | 30.27 | OK | |
r-devel-linux-x86_64-fedora-clang | 0.9.99 | 52.34 | NOTE | |||
r-devel-linux-x86_64-fedora-gcc | 0.9.99 | 61.90 | NOTE | |||
r-devel-windows-x86_64 | 0.9.99 | 4.00 | 50.00 | 54.00 | OK | |
r-patched-linux-x86_64 | 0.9.99 | 2.18 | 34.68 | 36.86 | OK | |
r-release-linux-x86_64 | 0.9.99 | 2.14 | 34.96 | 37.10 | OK | |
r-release-macos-arm64 | 0.9.99 | 26.00 | OK | |||
r-release-windows-x86_64 | 0.9.99 | 3.00 | 51.00 | 54.00 | OK | |
r-oldrel-macos-arm64 | 0.9.99 | 26.00 | OK | |||
r-oldrel-macos-x86_64 | 0.9.99 | 35.00 | OK | |||
r-oldrel-windows-x86_64 | 0.9.99 | 3.00 | 50.00 | 53.00 | OK |
Version: 0.9.99
Check: data for non-ASCII characters
Result: NOTE
Note: found 40 marked UTF-8 strings
Flavors: r-devel-linux-x86_64-fedora-clang, r-devel-linux-x86_64-fedora-gcc