CRAN Package Check Results for Package ieeeround

Last updated on 2025-04-29 12:52:38 CEST.

Flavor Version Tinstall Tcheck Ttotal Status Flags
r-devel-linux-x86_64-debian-clang 0.2-2 2.06 16.46 18.52 OK
r-devel-linux-x86_64-debian-gcc 0.2-2 1.76 13.54 15.30 OK
r-devel-linux-x86_64-fedora-clang 0.2-2 28.52 OK
r-devel-linux-x86_64-fedora-gcc 0.2-2 27.47 OK
r-patched-linux-x86_64 0.2-2 1.87 15.45 17.32 OK
r-release-linux-x86_64 0.2-2 1.95 15.36 17.31 OK
r-release-macos-arm64 0.2-2 15.00 NOTE
r-release-macos-x86_64 0.2-2 23.00 OK
r-oldrel-macos-arm64 0.2-2 16.00 OK
r-oldrel-macos-x86_64 0.2-2 21.00 OK

Check Details

Version: 0.2-2
Check: differences from ‘ieeeround-Ex.Rout’ to ‘ieeeround-Ex.Rout.save’
Result: NOTE 19c19 < [1] 2048 --- > [1] 0 22c22 < [1] 1024 --- > [1] 0 25c25 < [1] FALSE --- > [1] TRUE Flavor: r-release-macos-arm64