Last updated on 2022-06-28 12:52:26 CEST.
Flavor | Version | Tinstall | Tcheck | Ttotal | Status | Flags |
---|---|---|---|---|---|---|
r-devel-linux-x86_64-debian-clang | 1.0.3 | 45.37 | 73.40 | 118.77 | OK | |
r-devel-linux-x86_64-debian-gcc | 1.0.3 | 38.48 | 54.54 | 93.02 | OK | |
r-devel-linux-x86_64-fedora-clang | 1.0.3 | 169.45 | NOTE | |||
r-devel-linux-x86_64-fedora-gcc | 1.0.3 | 158.16 | OK | |||
r-devel-windows-x86_64 | 1.0.3 | 48.00 | 118.00 | 166.00 | OK | |
r-patched-linux-x86_64 | 1.0.3 | 38.37 | 70.80 | 109.17 | OK | |
r-release-linux-x86_64 | 1.0.3 | 40.81 | 70.35 | 111.16 | OK | |
r-release-macos-arm64 | 1.0.3 | 41.00 | OK | |||
r-release-macos-x86_64 | 1.0.3 | 73.00 | OK | |||
r-release-windows-x86_64 | 1.0.3 | 40.00 | 115.00 | 155.00 | OK | |
r-oldrel-macos-arm64 | 1.0.3 | 41.00 | OK | |||
r-oldrel-macos-x86_64 | 1.0.3 | 54.00 | OK | |||
r-oldrel-windows-ix86+x86_64 | 1.0.3 | 117.00 | 137.00 | 254.00 | OK |
Version: 1.0.3
Check: Rd cross-references
Result: NOTE
Undeclared packages ‘mlogit’, ‘logitr’ in Rd xrefs
Flavor: r-devel-linux-x86_64-fedora-clang