CRAN Package Check Results for Package iconr

Last updated on 2022-06-26 11:52:34 CEST.

Flavor Version Tinstall Tcheck Ttotal Status Flags
r-devel-linux-x86_64-debian-clang 0.1.0 3.00 60.00 63.00 NOTE
r-devel-linux-x86_64-debian-gcc 0.1.0 2.58 39.96 42.54 NOTE
r-devel-linux-x86_64-fedora-clang 0.1.0 81.00 NOTE
r-devel-linux-x86_64-fedora-gcc 0.1.0 71.75 NOTE
r-devel-windows-x86_64 0.1.0 19.00 88.00 107.00 NOTE
r-patched-linux-x86_64 0.1.0 3.72 49.12 52.84 NOTE
r-release-linux-x86_64 0.1.0 2.75 47.71 50.46 NOTE
r-release-macos-arm64 0.1.0 37.00 NOTE
r-release-macos-x86_64 0.1.0 47.00 NOTE
r-release-windows-x86_64 0.1.0 18.00 85.00 103.00 NOTE
r-oldrel-macos-arm64 0.1.0 31.00 NOTE
r-oldrel-macos-x86_64 0.1.0 70.00 NOTE
r-oldrel-windows-ix86+x86_64 0.1.0 7.00 67.00 74.00 NOTE

Check Details

Version: 0.1.0
Check: LazyData
Result: NOTE
     'LazyData' is specified without a 'data' directory
Flavors: r-devel-linux-x86_64-debian-clang, r-devel-linux-x86_64-debian-gcc, r-devel-linux-x86_64-fedora-clang, r-devel-linux-x86_64-fedora-gcc, r-devel-windows-x86_64, r-patched-linux-x86_64, r-release-linux-x86_64, r-release-macos-arm64, r-release-macos-x86_64, r-release-windows-x86_64, r-oldrel-macos-arm64, r-oldrel-macos-x86_64, r-oldrel-windows-ix86+x86_64