CRAN Package Check Results for Package icertool

Last updated on 2022-06-30 11:53:10 CEST.

Flavor Version Tinstall Tcheck Ttotal Status Flags
r-devel-linux-x86_64-debian-clang 0.0.3 3.64 23.93 27.57 OK
r-devel-linux-x86_64-debian-gcc 0.0.3 2.25 19.05 21.30 OK
r-devel-linux-x86_64-fedora-clang 0.0.3 44.17 NOTE
r-devel-linux-x86_64-fedora-gcc 0.0.3 43.49 NOTE
r-devel-windows-x86_64 0.0.3 8.00 55.00 63.00 OK
r-patched-linux-x86_64 0.0.3 2.32 23.95 26.27 OK
r-release-linux-x86_64 0.0.3 1.78 24.00 25.78 OK
r-release-macos-arm64 0.0.3 18.00 NOTE
r-release-macos-x86_64 0.0.3 24.00 NOTE
r-release-windows-x86_64 0.0.3 9.00 60.00 69.00 OK
r-oldrel-macos-arm64 0.0.3 18.00 NOTE
r-oldrel-macos-x86_64 0.0.3 22.00 NOTE
r-oldrel-windows-ix86+x86_64 0.0.3 9.00 45.00 54.00 OK

Check Details

Version: 0.0.3
Check: dependencies in R code
Result: NOTE
    Namespaces in Imports field not imported from:
     ‘digest’ ‘purrr’ ‘tidyverse’
     All declared Imports should be used.
Flavors: r-devel-linux-x86_64-fedora-clang, r-devel-linux-x86_64-fedora-gcc, r-release-macos-arm64, r-release-macos-x86_64, r-oldrel-macos-arm64, r-oldrel-macos-x86_64