CRAN Package Check Results for Package icenReg

Last updated on 2022-06-25 10:53:05 CEST.

Flavor Version Tinstall Tcheck Ttotal Status Flags
r-devel-linux-x86_64-debian-clang 2.0.15 79.08 175.00 254.08 OK
r-devel-linux-x86_64-debian-gcc 2.0.15 59.20 130.16 189.36 OK
r-devel-linux-x86_64-fedora-clang 2.0.15 328.88 NOTE
r-devel-linux-x86_64-fedora-gcc 2.0.15 326.80 OK
r-devel-windows-x86_64 2.0.15 110.00 319.00 429.00 OK
r-patched-linux-x86_64 2.0.15 64.06 175.66 239.72 OK
r-release-linux-x86_64 2.0.15 69.28 172.61 241.89 OK
r-release-macos-arm64 2.0.15 114.00 NOTE
r-release-macos-x86_64 2.0.15 146.00 NOTE
r-release-windows-x86_64 2.0.15 103.00 318.00 421.00 OK
r-oldrel-macos-arm64 2.0.15 126.00 NOTE
r-oldrel-macos-x86_64 2.0.15 218.00 NOTE
r-oldrel-windows-ix86+x86_64 2.0.15 153.00 352.00 505.00 OK

Check Details

Version: 2.0.15
Check: installed package size
Result: NOTE
     installed size is 13.6Mb
     sub-directories of 1Mb or more:
     libs 12.2Mb
Flavors: r-devel-linux-x86_64-fedora-clang, r-release-macos-arm64, r-release-macos-x86_64, r-oldrel-macos-arm64, r-oldrel-macos-x86_64