Last updated on 2025-04-29 12:52:38 CEST.
Flavor | Version | Tinstall | Tcheck | Ttotal | Status | Flags |
---|---|---|---|---|---|---|
r-devel-linux-x86_64-debian-clang | 0.3.8 | 1.59 | 22.03 | 23.62 | NOTE | |
r-devel-linux-x86_64-debian-gcc | 0.3.8 | 1.29 | 17.00 | 18.29 | OK | |
r-devel-linux-x86_64-fedora-clang | 0.3.8 | 38.92 | OK | |||
r-devel-linux-x86_64-fedora-gcc | 0.3.8 | 35.56 | OK | |||
r-devel-windows-x86_64 | 0.3.8 | 3.00 | 43.00 | 46.00 | OK | |
r-patched-linux-x86_64 | 0.3.8 | 1.50 | 21.21 | 22.71 | OK | |
r-release-linux-x86_64 | 0.3.8 | 1.48 | 21.98 | 23.46 | OK | |
r-release-macos-arm64 | 0.3.8 | 12.00 | OK | |||
r-release-macos-x86_64 | 0.3.8 | 27.00 | OK | |||
r-release-windows-x86_64 | 0.3.8 | 4.00 | 43.00 | 47.00 | OK | |
r-oldrel-macos-arm64 | 0.3.8 | 20.00 | OK | |||
r-oldrel-macos-x86_64 | 0.3.8 | 29.00 | OK | |||
r-oldrel-windows-x86_64 | 0.3.8 | 6.00 | 45.00 | 51.00 | OK |
Version: 0.3.8
Check: examples
Result: NOTE
Examples with CPU (user + system) or elapsed time > 5s
user system elapsed
iccdeboot 4.069 0.001 5.129
Flavor: r-devel-linux-x86_64-debian-clang