Last updated on 2024-04-26 12:54:36 CEST.
Flavor | Version | Tinstall | Tcheck | Ttotal | Status | Flags |
---|---|---|---|---|---|---|
r-devel-linux-x86_64-debian-clang | 1.0.2 | 39.90 | 393.58 | 433.48 | OK | |
r-devel-linux-x86_64-debian-gcc | 1.0.2 | 39.42 | 280.61 | 320.03 | OK | |
r-devel-linux-x86_64-fedora-clang | 1.0.2 | 541.25 | NOTE | |||
r-devel-linux-x86_64-fedora-gcc | 1.0.2 | 508.77 | NOTE | |||
r-devel-windows-x86_64 | 1.0.2 | 35.00 | 232.00 | 267.00 | OK | |
r-patched-linux-x86_64 | 1.0.2 | 27.76 | 381.10 | 408.86 | OK | |
r-release-linux-x86_64 | 1.0.2 | 30.33 | 374.76 | 405.09 | OK | |
r-release-macos-arm64 | 1.0.2 | 120.00 | OK | |||
r-release-windows-x86_64 | 1.0.2 | 33.00 | 230.00 | 263.00 | OK | |
r-oldrel-macos-arm64 | 1.0.2 | 130.00 | OK | |||
r-oldrel-macos-x86_64 | 1.0.2 | 227.00 | OK | |||
r-oldrel-windows-x86_64 | 1.0.2 | 48.00 | 331.00 | 379.00 | OK |
Version: 1.0.2
Check: dependencies in R code
Result: NOTE
Namespace in Imports field not imported from: ‘methods’
All declared Imports should be used.
Flavors: r-devel-linux-x86_64-fedora-clang, r-devel-linux-x86_64-fedora-gcc