CRAN Package Check Results for Package ical

Last updated on 2022-07-01 11:52:02 CEST.

Flavor Version Tinstall Tcheck Ttotal Status Flags
r-devel-linux-x86_64-debian-clang 0.1.6 1.94 31.72 33.66 NOTE
r-devel-linux-x86_64-debian-gcc 0.1.6 1.96 25.03 26.99 NOTE
r-devel-linux-x86_64-fedora-clang 0.1.6 53.26 NOTE
r-devel-linux-x86_64-fedora-gcc 0.1.6 51.34 NOTE
r-devel-windows-x86_64 0.1.6 12.00 55.00 67.00 NOTE
r-patched-linux-x86_64 0.1.6 3.15 30.96 34.11 NOTE
r-release-linux-x86_64 0.1.6 2.36 32.08 34.44 NOTE
r-release-macos-arm64 0.1.6 17.00 NOTE
r-release-macos-x86_64 0.1.6 24.00 NOTE
r-release-windows-x86_64 0.1.6 13.00 60.00 73.00 NOTE
r-oldrel-macos-arm64 0.1.6 20.00 NOTE
r-oldrel-macos-x86_64 0.1.6 41.00 NOTE
r-oldrel-windows-ix86+x86_64 0.1.6 10.00 66.00 76.00 NOTE

Check Details

Version: 0.1.6
Check: LazyData
Result: NOTE
     'LazyData' is specified without a 'data' directory
Flavors: r-devel-linux-x86_64-debian-clang, r-devel-linux-x86_64-debian-gcc, r-devel-linux-x86_64-fedora-clang, r-devel-linux-x86_64-fedora-gcc, r-devel-windows-x86_64, r-patched-linux-x86_64, r-release-linux-x86_64, r-release-macos-arm64, r-release-macos-x86_64, r-release-windows-x86_64, r-oldrel-macos-arm64, r-oldrel-macos-x86_64, r-oldrel-windows-ix86+x86_64