CRAN Package Check Results for Package ical

Last updated on 2024-02-28 10:14:04 CET.

Flavor Version Tinstall Tcheck Ttotal Status Flags
r-devel-linux-x86_64-debian-clang 0.1.6 1.92 33.99 35.91 NOTE
r-devel-linux-x86_64-debian-gcc 0.1.6 2.12 25.73 27.85 NOTE
r-devel-linux-x86_64-fedora-clang 0.1.6 43.65 NOTE
r-devel-linux-x86_64-fedora-gcc 0.1.6 43.44 NOTE
r-devel-windows-x86_64 0.1.6 3.00 45.00 48.00 NOTE
r-patched-linux-x86_64 0.1.6 2.64 32.68 35.32 NOTE
r-release-linux-x86_64 0.1.6 2.70 32.50 35.20 NOTE
r-release-macos-arm64 0.1.6 18.00 NOTE
r-release-macos-x86_64 0.1.6 26.00 NOTE
r-release-windows-x86_64 0.1.6 3.00 46.00 49.00 NOTE
r-oldrel-macos-arm64 0.1.6 19.00 NOTE
r-oldrel-windows-x86_64 0.1.6 4.00 51.00 55.00 NOTE

Check Details

Version: 0.1.6
Check: LazyData
Result: NOTE 'LazyData' is specified without a 'data' directory Flavors: r-devel-linux-x86_64-debian-clang, r-devel-linux-x86_64-debian-gcc, r-devel-linux-x86_64-fedora-clang, r-devel-linux-x86_64-fedora-gcc, r-devel-windows-x86_64, r-patched-linux-x86_64, r-release-linux-x86_64, r-release-macos-arm64, r-release-macos-x86_64, r-release-windows-x86_64, r-oldrel-macos-arm64, r-oldrel-windows-x86_64