CRAN Package Check Results for Package ic.infer

Last updated on 2025-11-03 11:49:44 CET.

Flavor Version Tinstall Tcheck Ttotal Status Flags
r-devel-linux-x86_64-debian-clang 1.1-7 5.40 82.41 87.81 NOTE
r-devel-linux-x86_64-debian-gcc 1.1-7 4.21 60.23 64.44 NOTE
r-devel-linux-x86_64-fedora-clang 1.1-7 31.00 110.09 141.09 OK
r-devel-linux-x86_64-fedora-gcc 1.1-7 14.00 126.70 140.70 OK
r-devel-windows-x86_64 1.1-7 7.00 112.00 119.00 OK
r-patched-linux-x86_64 1.1-7 6.18 79.12 85.30 OK
r-release-linux-x86_64 1.1-7 4.78 79.34 84.12 OK
r-release-macos-arm64 1.1-7 4.00 53.00 57.00 OK
r-release-macos-x86_64 1.1-7 4.00 96.00 100.00 OK
r-release-windows-x86_64 1.1-7 7.00 108.00 115.00 OK
r-oldrel-macos-arm64 1.1-7 3.00 44.00 47.00 OK
r-oldrel-macos-x86_64 1.1-7 5.00 67.00 72.00 OK
r-oldrel-windows-x86_64 1.1-7 7.00 132.00 139.00 OK

Check Details

Version: 1.1-7
Check: CRAN incoming feasibility
Result: NOTE Maintainer: ‘Ulrike Groemping <ulrike.groemping@bht-berlin.de>’ No Authors@R field in DESCRIPTION. Please add one, modifying Authors@R: person(given = "Ulrike", family = "Groemping", role = c("aut", "cre"), email = "ulrike.groemping@bht-berlin.de") as necessary. Flavors: r-devel-linux-x86_64-debian-clang, r-devel-linux-x86_64-debian-gcc