CRAN Package Check Results for Package ic.infer

Last updated on 2022-08-17 12:55:16 CEST.

Flavor Version Tinstall Tcheck Ttotal Status Flags
r-devel-linux-x86_64-debian-clang 1.1-6 5.33 97.90 103.23 NOTE
r-devel-linux-x86_64-debian-gcc 1.1-6 NOTE
r-devel-linux-x86_64-fedora-clang 1.1-6 137.47 NOTE
r-devel-linux-x86_64-fedora-gcc 1.1-6 134.27 NOTE
r-devel-windows-x86_64 1.1-6 30.00 145.00 175.00 NOTE
r-patched-linux-x86_64 1.1-6 5.99 93.37 99.36 NOTE
r-release-linux-x86_64 1.1-6 7.10 94.59 101.69 NOTE
r-release-macos-arm64 1.1-6 43.00 NOTE
r-release-macos-x86_64 1.1-6 58.00 NOTE
r-release-windows-x86_64 1.1-6 21.00 152.00 173.00 NOTE
r-oldrel-macos-arm64 1.1-6 51.00 NOTE
r-oldrel-macos-x86_64 1.1-6 125.00 NOTE
r-oldrel-windows-ix86+x86_64 1.1-6 15.00 133.00 148.00 NOTE

Check Details

Version: 1.1-6
Check: LazyData
Result: NOTE
     'LazyData' is specified without a 'data' directory
Flavors: r-devel-linux-x86_64-debian-clang, r-devel-linux-x86_64-debian-gcc, r-devel-linux-x86_64-fedora-clang, r-devel-linux-x86_64-fedora-gcc, r-devel-windows-x86_64, r-patched-linux-x86_64, r-release-linux-x86_64, r-release-macos-arm64, r-release-macos-x86_64, r-release-windows-x86_64, r-oldrel-macos-arm64, r-oldrel-macos-x86_64, r-oldrel-windows-ix86+x86_64