Last updated on 2024-03-28 09:51:45 CET.
Flavor | Version | Tinstall | Tcheck | Ttotal | Status | Flags |
---|---|---|---|---|---|---|
r-devel-linux-x86_64-debian-clang | 2.0-4 | 13.36 | 98.45 | 111.81 | NOTE | |
r-devel-linux-x86_64-debian-gcc | 2.0-4 | 11.75 | 72.55 | 84.30 | NOTE | |
r-devel-linux-x86_64-fedora-clang | 2.0-4 | 139.59 | NOTE | |||
r-devel-linux-x86_64-fedora-gcc | 2.0-4 | 136.50 | NOTE | |||
r-devel-windows-x86_64 | 2.0-4 | 17.00 | 100.00 | 117.00 | NOTE | |
r-patched-linux-x86_64 | 2.0-4 | 15.87 | 93.60 | 109.47 | NOTE | |
r-release-linux-x86_64 | 2.0-4 | 12.70 | 98.06 | 110.76 | OK | |
r-release-macos-arm64 | 2.0-4 | 50.00 | OK | |||
r-release-macos-x86_64 | 2.0-4 | 79.00 | OK | |||
r-release-windows-x86_64 | 2.0-4 | 20.00 | 113.00 | 133.00 | OK | |
r-oldrel-macos-arm64 | 2.0-4 | 43.00 | OK | |||
r-oldrel-windows-x86_64 | 2.0-4 | 20.00 | 110.00 | 130.00 | OK |
Version: 2.0-4
Check: Rd files
Result: NOTE
checkRd: (-1) betaS1lr.Rd:28: Lost braces; missing escapes or markup?
28 | \item{Rm1U}{matrix R^{-1}U (see reference).}
| ^
checkRd: (-1) lrsmoother.Rd:32: Lost braces; missing escapes or markup?
32 | R^{-1}U (see reference) and \link{smoothCon} for the definition of smoothobject}
| ^
Flavors: r-devel-linux-x86_64-debian-clang, r-devel-linux-x86_64-debian-gcc, r-devel-linux-x86_64-fedora-clang, r-devel-linux-x86_64-fedora-gcc, r-devel-windows-x86_64, r-patched-linux-x86_64