Last updated on 2022-07-05 11:49:55 CEST.
Flavor | Version | Tinstall | Tcheck | Ttotal | Status | Flags |
---|---|---|---|---|---|---|
r-devel-linux-x86_64-debian-clang | 1.0.0 | 19.57 | 28.06 | 47.63 | NOTE | |
r-devel-linux-x86_64-debian-gcc | 1.0.0 | 14.72 | 21.39 | 36.11 | NOTE | |
r-devel-linux-x86_64-fedora-clang | 1.0.0 | 74.14 | NOTE | |||
r-devel-linux-x86_64-fedora-gcc | 1.0.0 | 67.46 | NOTE | |||
r-devel-windows-x86_64 | 1.0.0 | 24.00 | 73.00 | 97.00 | NOTE | |
r-patched-linux-x86_64 | 1.0.0 | 17.58 | 26.64 | 44.22 | NOTE | |
r-release-linux-x86_64 | 1.0.0 | 19.66 | 27.54 | 47.20 | NOTE | |
r-release-macos-arm64 | 1.0.0 | 23.00 | NOTE | |||
r-release-macos-x86_64 | 1.0.0 | 35.00 | NOTE | |||
r-release-windows-x86_64 | 1.0.0 | 28.00 | 73.00 | 101.00 | NOTE | |
r-oldrel-macos-arm64 | 1.0.0 | 25.00 | NOTE | |||
r-oldrel-macos-x86_64 | 1.0.0 | 58.00 | NOTE | |||
r-oldrel-windows-ix86+x86_64 | 1.0.0 | 49.00 | 71.00 | 120.00 | NOTE |
Version: 1.0.0
Check: LazyData
Result: NOTE
'LazyData' is specified without a 'data' directory
Flavors: r-devel-linux-x86_64-debian-clang, r-devel-linux-x86_64-debian-gcc, r-devel-linux-x86_64-fedora-clang, r-devel-linux-x86_64-fedora-gcc, r-devel-windows-x86_64, r-patched-linux-x86_64, r-release-linux-x86_64, r-release-macos-arm64, r-release-macos-x86_64, r-release-windows-x86_64, r-oldrel-macos-arm64, r-oldrel-macos-x86_64, r-oldrel-windows-ix86+x86_64
Version: 1.0.0
Check: compiled code
Result: NOTE
File ‘ibmcraftr/libs/ibmcraftr.so’:
Found no calls to: ‘R_registerRoutines’, ‘R_useDynamicSymbols’
It is good practice to register native routines and to disable symbol
search.
See ‘Writing portable packages’ in the ‘Writing R Extensions’ manual.
Flavors: r-devel-linux-x86_64-fedora-clang, r-devel-linux-x86_64-fedora-gcc