Last updated on 2022-06-30 11:53:10 CEST.
Flavor | Version | Tinstall | Tcheck | Ttotal | Status | Flags |
---|---|---|---|---|---|---|
r-devel-linux-x86_64-debian-clang | 0.1.0 | 13.23 | 30.20 | 43.43 | OK | |
r-devel-linux-x86_64-debian-gcc | 0.1.0 | 7.63 | 23.16 | 30.79 | OK | |
r-devel-linux-x86_64-fedora-clang | 0.1.0 | 63.77 | NOTE | |||
r-devel-linux-x86_64-fedora-gcc | 0.1.0 | 59.92 | NOTE | |||
r-devel-windows-x86_64 | 0.1.0 | 18.00 | 74.00 | 92.00 | OK | |
r-patched-linux-x86_64 | 0.1.0 | 10.34 | 28.81 | 39.15 | OK | |
r-release-linux-x86_64 | 0.1.0 | 10.58 | 29.22 | 39.80 | OK | |
r-release-macos-arm64 | 0.1.0 | 21.00 | OK | |||
r-release-macos-x86_64 | 0.1.0 | 33.00 | OK | |||
r-release-windows-x86_64 | 0.1.0 | 18.00 | 71.00 | 89.00 | OK | |
r-oldrel-macos-arm64 | 0.1.0 | 23.00 | OK | |||
r-oldrel-macos-x86_64 | 0.1.0 | 52.00 | OK | |||
r-oldrel-windows-ix86+x86_64 | 0.1.0 | 27.00 | 74.00 | 101.00 | OK |
Version: 0.1.0
Check: compiled code
Result: NOTE
File ‘ibm/libs/ibm.so’:
Found no calls to: ‘R_registerRoutines’, ‘R_useDynamicSymbols’
It is good practice to register native routines and to disable symbol
search.
See ‘Writing portable packages’ in the ‘Writing R Extensions’ manual.
Flavors: r-devel-linux-x86_64-fedora-clang, r-devel-linux-x86_64-fedora-gcc