Last updated on 2023-11-28 13:50:57 CET.
Flavor | Version | Tinstall | Tcheck | Ttotal | Status | Flags |
---|---|---|---|---|---|---|
r-devel-linux-x86_64-debian-clang | 1.0.2 | 2.00 | 108.86 | 110.86 | NOTE | |
r-devel-linux-x86_64-debian-gcc | 1.0.2 | 1.99 | 79.07 | 81.06 | NOTE | |
r-devel-linux-x86_64-fedora-clang | 1.0.2 | 137.07 | NOTE | |||
r-devel-linux-x86_64-fedora-gcc | 1.0.2 | 141.28 | NOTE | |||
r-devel-windows-x86_64 | 1.0.2 | 3.00 | 105.00 | 108.00 | NOTE | |
r-patched-linux-x86_64 | 1.0.2 | 1.84 | 102.12 | 103.96 | NOTE | |
r-release-linux-x86_64 | 1.0.2 | 1.97 | 101.74 | 103.71 | NOTE | |
r-release-macos-arm64 | 1.0.2 | 60.00 | NOTE | |||
r-release-macos-x86_64 | 1.0.2 | 95.00 | NOTE | |||
r-release-windows-x86_64 | 1.0.2 | 4.00 | 128.00 | 132.00 | NOTE | |
r-oldrel-macos-arm64 | 1.0.2 | 51.00 | NOTE | |||
r-oldrel-macos-x86_64 | 1.0.2 | 59.00 | NOTE | |||
r-oldrel-windows-x86_64 | 1.0.2 | 4.00 | 127.00 | 131.00 | NOTE |
Version: 1.0.2
Check: LazyData
Result: NOTE
'LazyData' is specified without a 'data' directory
Flavors: r-devel-linux-x86_64-debian-clang, r-devel-linux-x86_64-debian-gcc, r-devel-linux-x86_64-fedora-clang, r-devel-linux-x86_64-fedora-gcc, r-devel-windows-x86_64, r-patched-linux-x86_64, r-release-linux-x86_64, r-release-macos-arm64, r-release-macos-x86_64, r-release-windows-x86_64, r-oldrel-macos-arm64, r-oldrel-macos-x86_64, r-oldrel-windows-x86_64