CRAN Package Check Results for Package iRafNet

Last updated on 2022-10-03 10:50:29 CEST.

Flavor Version Tinstall Tcheck Ttotal Status Flags
r-devel-linux-x86_64-debian-clang 1.1-1 5.05 29.27 34.32 OK
r-devel-linux-x86_64-debian-gcc 1.1-1 3.52 22.97 26.49 OK
r-devel-linux-x86_64-fedora-clang 1.1-1 54.13 NOTE
r-devel-linux-x86_64-fedora-gcc 1.1-1 49.99 NOTE
r-devel-windows-x86_64 1.1-1 11.00 59.00 70.00 OK
r-patched-linux-x86_64 1.1-1 4.46 28.05 32.51 OK
r-release-linux-x86_64 1.1-1 4.05 27.94 31.99 OK
r-release-macos-arm64 1.1-1 21.00 OK
r-release-macos-x86_64 1.1-1 27.00 OK
r-release-windows-x86_64 1.1-1 9.00 58.00 67.00 OK
r-oldrel-macos-arm64 1.1-1 26.00 OK
r-oldrel-macos-x86_64 1.1-1 31.00 OK
r-oldrel-windows-ix86+x86_64 1.1-1 12.00 64.00 76.00 OK

Check Details

Version: 1.1-1
Check: compiled code
Result: NOTE
    File ‘iRafNet/libs/iRafNet.so’:
     Found no calls to: ‘R_registerRoutines’, ‘R_useDynamicSymbols’
    
    It is good practice to register native routines and to disable symbol
    search.
    
    See ‘Writing portable packages’ in the ‘Writing R Extensions’ manual.
Flavors: r-devel-linux-x86_64-fedora-clang, r-devel-linux-x86_64-fedora-gcc