Last updated on 2024-03-29 09:55:26 CET.
Flavor | Version | Tinstall | Tcheck | Ttotal | Status | Flags |
---|---|---|---|---|---|---|
r-devel-linux-x86_64-debian-clang | 2.0.1 | 17.50 | 158.36 | 175.86 | NOTE | |
r-devel-linux-x86_64-debian-gcc | 2.0.1 | 11.70 | 117.82 | 129.52 | NOTE | |
r-devel-linux-x86_64-fedora-clang | 2.0.1 | 236.33 | NOTE | |||
r-devel-linux-x86_64-fedora-gcc | 2.0.1 | 220.67 | NOTE | |||
r-devel-windows-x86_64 | 2.0.1 | 13.00 | 135.00 | 148.00 | NOTE | |
r-patched-linux-x86_64 | 2.0.1 | 20.22 | 152.66 | 172.88 | NOTE | |
r-release-linux-x86_64 | 2.0.1 | 8.96 | 149.49 | 158.45 | NOTE | |
r-release-macos-arm64 | 2.0.1 | 60.00 | NOTE | |||
r-release-macos-x86_64 | 2.0.1 | 129.00 | NOTE | |||
r-release-windows-x86_64 | 2.0.1 | 17.00 | 167.00 | 184.00 | NOTE | |
r-oldrel-macos-arm64 | 2.0.1 | 62.00 | NOTE | |||
r-oldrel-windows-x86_64 | 2.0.1 | 19.00 | 166.00 | 185.00 | NOTE |
Version: 2.0.1
Check: package dependencies
Result: NOTE
Package suggested but not available for checking: ‘surveyspec’
Flavors: r-devel-linux-x86_64-debian-clang, r-devel-linux-x86_64-debian-gcc, r-devel-linux-x86_64-fedora-clang, r-devel-linux-x86_64-fedora-gcc, r-devel-windows-x86_64, r-patched-linux-x86_64, r-release-linux-x86_64, r-release-macos-arm64, r-release-macos-x86_64, r-release-windows-x86_64, r-oldrel-macos-arm64, r-oldrel-windows-x86_64