CRAN Package Check Results for Package iIneq

Last updated on 2022-07-05 11:49:55 CEST.

Flavor Version Tinstall Tcheck Ttotal Status Flags
r-devel-linux-x86_64-debian-clang 1.0.2 1.55 23.03 24.58 NOTE
r-devel-linux-x86_64-debian-gcc 1.0.2 1.96 18.11 20.07 NOTE
r-devel-linux-x86_64-fedora-clang 1.0.2 41.94 NOTE
r-devel-linux-x86_64-fedora-gcc 1.0.2 40.77 NOTE
r-devel-windows-x86_64 1.0.2 10.00 50.00 60.00 NOTE
r-patched-linux-x86_64 1.0.2 2.14 22.68 24.82 NOTE
r-release-linux-x86_64 1.0.2 2.21 22.77 24.98 NOTE
r-release-macos-arm64 1.0.2 17.00 NOTE
r-release-macos-x86_64 1.0.2 20.00 NOTE
r-release-windows-x86_64 1.0.2 7.00 50.00 57.00 NOTE
r-oldrel-macos-arm64 1.0.2 23.00 NOTE
r-oldrel-macos-x86_64 1.0.2 27.00 NOTE
r-oldrel-windows-ix86+x86_64 1.0.2 8.00 44.00 52.00 NOTE

Check Details

Version: 1.0.2
Check: LazyData
Result: NOTE
     'LazyData' is specified without a 'data' directory
Flavors: r-devel-linux-x86_64-debian-clang, r-devel-linux-x86_64-debian-gcc, r-devel-linux-x86_64-fedora-clang, r-devel-linux-x86_64-fedora-gcc, r-devel-windows-x86_64, r-patched-linux-x86_64, r-release-linux-x86_64, r-release-macos-arm64, r-release-macos-x86_64, r-release-windows-x86_64, r-oldrel-macos-arm64, r-oldrel-macos-x86_64, r-oldrel-windows-ix86+x86_64