Last updated on 2024-04-20 11:50:16 CEST.
Flavor | Version | Tinstall | Tcheck | Ttotal | Status | Flags |
---|---|---|---|---|---|---|
r-devel-linux-x86_64-debian-clang | 1.6.7 | 43.86 | 194.25 | 238.11 | OK | |
r-devel-linux-x86_64-debian-gcc | 1.6.7 | 37.33 | 141.52 | 178.85 | OK | |
r-devel-linux-x86_64-fedora-clang | 1.6.7 | 323.36 | NOTE | |||
r-devel-linux-x86_64-fedora-gcc | 1.6.7 | 302.45 | OK | |||
r-prerel-macos-arm64 | 1.6.7 | 75.00 | OK | |||
r-prerel-macos-x86_64 | 1.6.7 | 123.00 | OK | |||
r-prerel-windows-x86_64 | 1.6.7 | 39.00 | 161.00 | 200.00 | OK | |
r-patched-linux-x86_64 | 1.6.7 | 44.60 | 184.07 | 228.67 | OK | |
r-release-linux-x86_64 | 1.6.7 | 38.58 | 186.41 | 224.99 | OK | |
r-release-macos-arm64 | 1.6.7 | 72.00 | OK | |||
r-release-macos-x86_64 | 1.6.7 | 118.00 | OK | |||
r-release-windows-x86_64 | 1.6.7 | 51.00 | 209.00 | 260.00 | OK | |
r-oldrel-macos-arm64 | 1.6.7 | 74.00 | OK | |||
r-oldrel-windows-x86_64 | 1.6.7 | 52.00 | 197.00 | 249.00 | OK |
Version: 1.6.7
Check: package dependencies
Result: NOTE
Imports includes 26 non-default packages.
Importing from so many packages makes the package vulnerable to any of
them becoming unavailable. Move as many as possible to Suggests and
use conditionally.
Flavor: r-devel-linux-x86_64-fedora-clang