Last updated on 2022-07-05 11:49:55 CEST.
Flavor | Version | Tinstall | Tcheck | Ttotal | Status | Flags |
---|---|---|---|---|---|---|
r-devel-linux-x86_64-debian-clang | 1.3.1 | 327.09 | 76.51 | 403.60 | OK | |
r-devel-linux-x86_64-debian-gcc | 1.3.1 | 258.94 | 58.02 | 316.96 | OK | |
r-devel-linux-x86_64-fedora-clang | 1.3.1 | 628.06 | NOTE | |||
r-devel-linux-x86_64-fedora-gcc | 1.3.1 | 540.32 | NOTE | |||
r-devel-windows-x86_64 | 1.3.1 | 236.00 | 121.00 | 357.00 | OK | |
r-patched-linux-x86_64 | 1.3.1 | 280.77 | 73.50 | 354.27 | OK | |
r-release-linux-x86_64 | 1.3.1 | 266.91 | 71.60 | 338.51 | OK | |
r-release-macos-arm64 | 1.3.1 | 116.00 | NOTE | |||
r-release-macos-x86_64 | 1.3.1 | 152.00 | NOTE | |||
r-release-windows-x86_64 | 1.3.1 | 359.00 | 120.00 | 479.00 | OK | |
r-oldrel-macos-arm64 | 1.3.1 | 121.00 | NOTE | |||
r-oldrel-macos-x86_64 | 1.3.1 | 242.00 | NOTE | |||
r-oldrel-windows-ix86+x86_64 | 1.3.1 | 832.00 | 135.00 | 967.00 | NOTE |
Version: 1.3.1
Check: installed package size
Result: NOTE
installed size is 7.4Mb
sub-directories of 1Mb or more:
data 3.0Mb
libs 4.2Mb
Flavors: r-devel-linux-x86_64-fedora-clang, r-release-macos-arm64, r-release-macos-x86_64, r-oldrel-macos-arm64, r-oldrel-macos-x86_64, r-oldrel-windows-ix86+x86_64
Version: 1.3.1
Check: compiled code
Result: NOTE
File ‘iBATCGH/libs/iBATCGH.so’:
Found no calls to: ‘R_registerRoutines’, ‘R_useDynamicSymbols’
It is good practice to register native routines and to disable symbol
search.
See ‘Writing portable packages’ in the ‘Writing R Extensions’ manual.
Flavors: r-devel-linux-x86_64-fedora-clang, r-devel-linux-x86_64-fedora-gcc