Last updated on 2025-05-12 13:50:15 CEST.
Flavor | Version | Tinstall | Tcheck | Ttotal | Status | Flags |
---|---|---|---|---|---|---|
r-devel-linux-x86_64-debian-clang | 1.0.0 | 11.07 | 202.10 | 213.17 | NOTE | |
r-devel-linux-x86_64-debian-gcc | 1.0.0 | 8.56 | 136.61 | 145.17 | NOTE | |
r-devel-linux-x86_64-fedora-clang | 1.0.0 | 341.62 | OK | |||
r-devel-linux-x86_64-fedora-gcc | 1.0.0 | 361.25 | OK | |||
r-devel-windows-x86_64 | 1.0.0 | 14.00 | 175.00 | 189.00 | OK | |
r-patched-linux-x86_64 | 1.0.0 | 11.54 | 194.05 | 205.59 | OK | |
r-release-linux-x86_64 | 1.0.0 | 11.35 | 190.97 | 202.32 | OK | |
r-release-macos-arm64 | 1.0.0 | 124.00 | OK | |||
r-release-macos-x86_64 | 1.0.0 | 237.00 | OK | |||
r-release-windows-x86_64 | 1.0.0 | 15.00 | 176.00 | 191.00 | OK | |
r-oldrel-macos-arm64 | 1.0.0 | 93.00 | OK | |||
r-oldrel-macos-x86_64 | 1.0.0 | 151.00 | OK | |||
r-oldrel-windows-x86_64 | 1.0.0 | 17.00 | 251.00 | 268.00 | OK |
Version: 1.0.0
Check: CRAN incoming feasibility
Result: NOTE
Maintainer: ‘Shengbin Ye <sy53@rice.edu>’
The Description field contains
<arXiv:2110.10195>.
Please refer to arXiv e-prints via their arXiv DOI <doi:10.48550/arXiv.YYMM.NNNNN>.
Flavors: r-devel-linux-x86_64-debian-clang, r-devel-linux-x86_64-debian-gcc