CRAN Package Check Results for Package hypothesisr

Last updated on 2022-07-02 12:53:05 CEST.

Flavor Version Tinstall Tcheck Ttotal Status Flags
r-devel-linux-x86_64-debian-clang 0.1.1 2.35 28.10 30.45 NOTE
r-devel-linux-x86_64-debian-gcc 0.1.1 1.84 21.97 23.81 NOTE
r-devel-linux-x86_64-fedora-clang 0.1.1 47.36 NOTE
r-devel-linux-x86_64-fedora-gcc 0.1.1 46.73 NOTE
r-devel-windows-x86_64 0.1.1 32.00 57.00 89.00 NOTE
r-patched-linux-x86_64 0.1.1 1.96 27.19 29.15 NOTE
r-release-linux-x86_64 0.1.1 2.50 27.68 30.18 NOTE
r-release-macos-arm64 0.1.1 19.00 NOTE
r-release-macos-x86_64 0.1.1 30.00 NOTE
r-release-windows-x86_64 0.1.1 4.00 56.00 60.00 NOTE
r-oldrel-macos-arm64 0.1.1 28.00 NOTE
r-oldrel-macos-x86_64 0.1.1 29.00 NOTE
r-oldrel-windows-ix86+x86_64 0.1.1 6.00 50.00 56.00 NOTE

Check Details

Version: 0.1.1
Check: LazyData
Result: NOTE
     'LazyData' is specified without a 'data' directory
Flavors: r-devel-linux-x86_64-debian-clang, r-devel-linux-x86_64-debian-gcc, r-devel-linux-x86_64-fedora-clang, r-devel-linux-x86_64-fedora-gcc, r-devel-windows-x86_64, r-patched-linux-x86_64, r-release-linux-x86_64, r-release-macos-arm64, r-release-macos-x86_64, r-release-windows-x86_64, r-oldrel-macos-arm64, r-oldrel-macos-x86_64, r-oldrel-windows-ix86+x86_64