Last updated on 2024-03-29 09:55:25 CET.
Flavor | Version | Tinstall | Tcheck | Ttotal | Status | Flags |
---|---|---|---|---|---|---|
r-devel-linux-x86_64-debian-clang | 1.1.1 | 7.57 | 46.40 | 53.97 | OK | |
r-devel-linux-x86_64-debian-gcc | 1.1.1 | 5.78 | 53.41 | 59.19 | OK | |
r-devel-linux-x86_64-fedora-clang | 1.1.1 | 95.14 | NOTE | |||
r-devel-linux-x86_64-fedora-gcc | 1.1.1 | 109.21 | OK | |||
r-devel-windows-x86_64 | 1.1.1 | 8.00 | 71.00 | 79.00 | NOTE | |
r-patched-linux-x86_64 | 1.1.1 | 5.67 | 47.43 | 53.10 | OK | |
r-release-linux-x86_64 | 1.1.1 | 7.56 | 43.45 | 51.01 | OK | |
r-release-macos-arm64 | 1.1.1 | 40.00 | NOTE | |||
r-release-macos-x86_64 | 1.1.1 | 51.00 | NOTE | |||
r-release-windows-x86_64 | 1.1.1 | 9.00 | 78.00 | 87.00 | NOTE | |
r-oldrel-macos-arm64 | 1.1.1 | 32.00 | NOTE | |||
r-oldrel-windows-x86_64 | 1.1.1 | 11.00 | 90.00 | 101.00 | NOTE |
Version: 1.1.1
Check: installed package size
Result: NOTE
installed size is 6.5Mb
sub-directories of 1Mb or more:
doc 6.3Mb
Flavors: r-devel-linux-x86_64-fedora-clang, r-devel-windows-x86_64, r-release-macos-arm64, r-release-macos-x86_64, r-release-windows-x86_64, r-oldrel-macos-arm64, r-oldrel-windows-x86_64
Version: 1.1.1
Check: package dependencies
Result: NOTE
Package suggested but not available for checking: ‘webshot2’
Flavor: r-oldrel-macos-arm64