CRAN Package Check Results for Package hyperbrick

Last updated on 2022-09-25 12:55:59 CEST.

Flavor Version Tinstall Tcheck Ttotal Status Flags
r-devel-linux-x86_64-debian-clang 1.0 29.53 300.79 330.32 OK
r-devel-linux-x86_64-debian-gcc 1.0 27.47 212.76 240.23 OK
r-devel-linux-x86_64-fedora-clang 1.0 382.00 NOTE
r-devel-linux-x86_64-fedora-gcc 1.0 390.01 OK
r-devel-windows-x86_64 1.0 40.00 279.00 319.00 NOTE
r-patched-linux-x86_64 1.0 31.68 277.34 309.02 OK
r-release-linux-x86_64 1.0 28.34 274.61 302.95 OK
r-release-macos-arm64 1.0 63.00 NOTE
r-release-macos-x86_64 1.0 144.00 NOTE
r-release-windows-x86_64 1.0 46.00 277.00 323.00 NOTE
r-oldrel-macos-arm64 1.0 65.00 NOTE
r-oldrel-macos-x86_64 1.0 105.00 NOTE
r-oldrel-windows-ix86+x86_64 1.0 69.00 284.00 353.00 NOTE

Check Details

Version: 1.0
Check: installed package size
Result: NOTE
     installed size is 6.3Mb
     sub-directories of 1Mb or more:
     exdata 6.1Mb
Flavors: r-devel-linux-x86_64-fedora-clang, r-devel-windows-x86_64, r-release-macos-arm64, r-release-macos-x86_64, r-release-windows-x86_64, r-oldrel-macos-arm64, r-oldrel-macos-x86_64, r-oldrel-windows-ix86+x86_64