Last updated on 2022-06-25 10:53:05 CEST.
Flavor | Version | Tinstall | Tcheck | Ttotal | Status | Flags |
---|---|---|---|---|---|---|
r-devel-linux-x86_64-debian-clang | 1.4.1 | 2.70 | 40.23 | 42.93 | OK | |
r-devel-linux-x86_64-debian-gcc | 1.4.1 | 2.28 | 31.26 | 33.54 | OK | |
r-devel-linux-x86_64-fedora-clang | 1.4.1 | 62.85 | NOTE | |||
r-devel-linux-x86_64-fedora-gcc | 1.4.1 | 60.61 | NOTE | |||
r-devel-windows-x86_64 | 1.4.1 | 42.00 | 74.00 | 116.00 | OK | |
r-patched-linux-x86_64 | 1.4.1 | 3.36 | 38.86 | 42.22 | OK | |
r-release-linux-x86_64 | 1.4.1 | 2.86 | 38.41 | 41.27 | OK | |
r-release-macos-arm64 | 1.4.1 | 38.00 | NOTE | |||
r-release-macos-x86_64 | 1.4.1 | 62.00 | NOTE | |||
r-release-windows-x86_64 | 1.4.1 | 39.00 | 73.00 | 112.00 | OK | |
r-oldrel-macos-arm64 | 1.4.1 | 40.00 | NOTE | |||
r-oldrel-macos-x86_64 | 1.4.1 | 48.00 | NOTE | |||
r-oldrel-windows-ix86+x86_64 | 1.4.1 | 8.00 | 58.00 | 66.00 | OK |
Version: 1.4.1
Check: data for non-ASCII characters
Result: NOTE
Note: found 3026 marked UTF-8 strings
Flavors: r-devel-linux-x86_64-fedora-clang, r-devel-linux-x86_64-fedora-gcc, r-release-macos-arm64, r-release-macos-x86_64, r-oldrel-macos-arm64, r-oldrel-macos-x86_64