Last updated on 2024-03-28 09:51:45 CET.
Flavor | Version | Tinstall | Tcheck | Ttotal | Status | Flags |
---|---|---|---|---|---|---|
r-devel-linux-x86_64-debian-clang | 2.0.2 | 321.57 | 163.58 | 485.15 | NOTE | |
r-devel-linux-x86_64-debian-gcc | 2.0.2 | 301.50 | 187.42 | 488.92 | NOTE | |
r-devel-linux-x86_64-fedora-clang | 2.0.2 | 719.13 | NOTE | |||
r-devel-linux-x86_64-fedora-gcc | 2.0.2 | 870.50 | NOTE | |||
r-devel-windows-x86_64 | 2.0.2 | 254.00 | 245.00 | 499.00 | NOTE | |
r-patched-linux-x86_64 | 2.0.2 | 285.52 | 176.75 | 462.27 | NOTE | |
r-release-linux-x86_64 | 2.0.2 | 258.41 | 173.09 | 431.50 | NOTE | |
r-release-macos-arm64 | 2.0.2 | 160.00 | NOTE | |||
r-release-macos-x86_64 | 2.0.2 | 259.00 | NOTE | |||
r-release-windows-x86_64 | 2.0.2 | 324.00 | 306.00 | 630.00 | NOTE | |
r-oldrel-macos-arm64 | 2.0.2 | 169.00 | NOTE | |||
r-oldrel-windows-x86_64 | 2.0.2 | 317.00 | 297.00 | 614.00 | NOTE |
Version: 2.0.2
Check: Rd files
Result: NOTE
checkRd: (-1) simgl.Rd:50: Lost braces; missing escapes or markup?
50 | Uses the {updog} R package for simulating read counts and generating
| ^
Flavors: r-devel-linux-x86_64-debian-clang, r-devel-linux-x86_64-debian-gcc, r-devel-linux-x86_64-fedora-clang, r-devel-linux-x86_64-fedora-gcc, r-devel-windows-x86_64, r-patched-linux-x86_64
Version: 2.0.2
Check: for GNU extensions in Makefiles
Result: NOTE
GNU make is a SystemRequirements.
Flavors: r-devel-linux-x86_64-debian-clang, r-devel-linux-x86_64-debian-gcc, r-devel-linux-x86_64-fedora-clang, r-devel-linux-x86_64-fedora-gcc, r-devel-windows-x86_64, r-patched-linux-x86_64, r-release-linux-x86_64, r-release-macos-arm64, r-release-macos-x86_64, r-release-windows-x86_64, r-oldrel-macos-arm64, r-oldrel-windows-x86_64
Version: 2.0.2
Check: installed package size
Result: NOTE
installed size is 44.0Mb
sub-directories of 1Mb or more:
libs 43.4Mb
Flavors: r-release-macos-arm64, r-release-macos-x86_64, r-oldrel-macos-arm64