Last updated on 2022-06-25 10:53:05 CEST.
Flavor | Version | Tinstall | Tcheck | Ttotal | Status | Flags |
---|---|---|---|---|---|---|
r-devel-linux-x86_64-debian-clang | 3.0.1 | 64.22 | 46.93 | 111.15 | OK | |
r-devel-linux-x86_64-debian-gcc | 3.0.1 | 52.74 | 41.58 | 94.32 | OK | |
r-devel-linux-x86_64-fedora-clang | 3.0.1 | 185.31 | NOTE | |||
r-devel-linux-x86_64-fedora-gcc | 3.0.1 | 163.01 | OK | |||
r-devel-windows-x86_64 | 3.0.1 | 67.00 | 114.00 | 181.00 | OK | |
r-patched-linux-x86_64 | 3.0.1 | 55.65 | 51.90 | 107.55 | OK | |
r-release-linux-x86_64 | 3.0.1 | 58.52 | 52.06 | 110.58 | OK | |
r-release-macos-arm64 | 3.0.1 | 57.00 | NOTE | |||
r-release-macos-x86_64 | 3.0.1 | 72.00 | NOTE | |||
r-release-windows-x86_64 | 3.0.1 | 78.00 | 123.00 | 201.00 | OK | |
r-oldrel-macos-arm64 | 3.0.1 | 66.00 | NOTE | |||
r-oldrel-macos-x86_64 | 3.0.1 | 110.00 | NOTE | |||
r-oldrel-windows-ix86+x86_64 | 3.0.1 | 156.00 | 133.00 | 289.00 | NOTE |
Version: 3.0.1
Check: installed package size
Result: NOTE
installed size is 6.5Mb
sub-directories of 1Mb or more:
dict 1.5Mb
doc 1.2Mb
libs 3.7Mb
Flavors: r-devel-linux-x86_64-fedora-clang, r-release-macos-arm64, r-release-macos-x86_64, r-oldrel-macos-arm64, r-oldrel-macos-x86_64, r-oldrel-windows-ix86+x86_64
Version: 3.0.1
Check: package dependencies
Result: NOTE
Package suggested but not available for checking: ‘pdftools’
Flavor: r-release-macos-x86_64