Last updated on 2022-07-07 12:55:26 CEST.
Flavor | Version | Tinstall | Tcheck | Ttotal | Status | Flags |
---|---|---|---|---|---|---|
r-devel-linux-x86_64-debian-clang | 2.1.8 | 268.16 | 31.70 | 299.86 | NOTE | |
r-devel-linux-x86_64-debian-gcc | 2.1.8 | 78.03 | 24.85 | 102.88 | NOTE | |
r-devel-linux-x86_64-fedora-clang | 2.1.8 | 187.22 | NOTE | |||
r-devel-linux-x86_64-fedora-gcc | 2.1.8 | 168.36 | NOTE | |||
r-devel-windows-x86_64 | 2.1.8 | 80.00 | 87.00 | 167.00 | NOTE | |
r-patched-linux-x86_64 | 2.1.8 | 82.24 | 31.18 | 113.42 | NOTE | |
r-release-linux-x86_64 | 2.1.8 | 74.94 | 30.92 | 105.86 | NOTE | |
r-release-macos-arm64 | 2.1.8 | 45.00 | NOTE | |||
r-release-macos-x86_64 | 2.1.8 | 62.00 | NOTE | |||
r-release-windows-x86_64 | 2.1.8 | 76.00 | 93.00 | 169.00 | NOTE | |
r-oldrel-macos-arm64 | 2.1.8 | 68.00 | NOTE | |||
r-oldrel-macos-x86_64 | 2.1.8 | 127.00 | NOTE | |||
r-oldrel-windows-ix86+x86_64 | 2.1.8 | 256.00 | 94.00 | 350.00 | NOTE |
Version: 2.1.8
Check: LazyData
Result: NOTE
'LazyData' is specified without a 'data' directory
Flavors: r-devel-linux-x86_64-debian-clang, r-devel-linux-x86_64-debian-gcc, r-devel-linux-x86_64-fedora-clang, r-devel-linux-x86_64-fedora-gcc, r-devel-windows-x86_64, r-patched-linux-x86_64, r-release-linux-x86_64, r-release-macos-arm64, r-release-macos-x86_64, r-release-windows-x86_64, r-oldrel-macos-arm64, r-oldrel-macos-x86_64, r-oldrel-windows-ix86+x86_64
Version: 2.1.8
Check: installed package size
Result: NOTE
installed size is 5.8Mb
sub-directories of 1Mb or more:
libs 5.6Mb
Flavors: r-devel-linux-x86_64-fedora-clang, r-release-macos-arm64, r-release-macos-x86_64, r-oldrel-macos-arm64, r-oldrel-macos-x86_64