CRAN Package Check Results for Package humanize

Last updated on 2023-02-01 13:53:21 CET.

Flavor Version Tinstall Tcheck Ttotal Status Flags
r-devel-linux-x86_64-debian-clang 0.2.0 3.02 33.85 36.87 NOTE
r-devel-linux-x86_64-debian-gcc 0.2.0 2.63 26.98 29.61 NOTE
r-devel-linux-x86_64-fedora-clang 0.2.0 48.32 NOTE
r-devel-linux-x86_64-fedora-gcc 0.2.0 57.33 NOTE
r-devel-windows-x86_64 0.2.0 19.00 63.00 82.00 NOTE
r-patched-linux-x86_64 0.2.0 3.44 34.02 37.46 NOTE
r-release-linux-x86_64 0.2.0 3.58 34.39 37.97 NOTE
r-release-macos-arm64 0.2.0 22.00 NOTE
r-release-macos-x86_64 0.2.0 30.00 NOTE
r-release-windows-x86_64 0.2.0 11.00 67.00 78.00 NOTE
r-oldrel-macos-arm64 0.2.0 26.00 NOTE
r-oldrel-macos-x86_64 0.2.0 60.00 NOTE
r-oldrel-windows-ix86+x86_64 0.2.0 8.00 58.00 66.00 NOTE

Check Details

Version: 0.2.0
Check: LazyData
Result: NOTE
     'LazyData' is specified without a 'data' directory
Flavors: r-devel-linux-x86_64-debian-clang, r-devel-linux-x86_64-debian-gcc, r-devel-linux-x86_64-fedora-clang, r-devel-linux-x86_64-fedora-gcc, r-devel-windows-x86_64, r-patched-linux-x86_64, r-release-linux-x86_64, r-release-macos-arm64, r-release-macos-x86_64, r-release-windows-x86_64, r-oldrel-macos-arm64, r-oldrel-macos-x86_64, r-oldrel-windows-ix86+x86_64