CRAN Package Check Results for Package humaniformat

Last updated on 2022-07-06 12:53:37 CEST.

Flavor Version Tinstall Tcheck Ttotal Status Flags
r-devel-linux-x86_64-debian-clang 0.6.0 45.23 33.41 78.64 NOTE
r-devel-linux-x86_64-debian-gcc 0.6.0 33.27 25.98 59.25 NOTE
r-devel-linux-x86_64-fedora-clang 0.6.0 122.18 NOTE
r-devel-linux-x86_64-fedora-gcc 0.6.0 107.53 NOTE
r-devel-windows-x86_64 0.6.0 52.00 84.00 136.00 NOTE
r-patched-linux-x86_64 0.6.0 34.58 32.41 66.99 NOTE
r-release-linux-x86_64 0.6.0 34.34 33.01 67.35 NOTE
r-release-macos-arm64 0.6.0 31.00 NOTE
r-release-macos-x86_64 0.6.0 44.00 NOTE
r-release-windows-x86_64 0.6.0 72.00 86.00 158.00 NOTE
r-oldrel-macos-arm64 0.6.0 38.00 NOTE
r-oldrel-macos-x86_64 0.6.0 59.00 NOTE
r-oldrel-windows-ix86+x86_64 0.6.0 106.00 85.00 191.00 NOTE

Check Details

Version: 0.6.0
Check: LazyData
Result: NOTE
     'LazyData' is specified without a 'data' directory
Flavors: r-devel-linux-x86_64-debian-clang, r-devel-linux-x86_64-debian-gcc, r-devel-linux-x86_64-fedora-clang, r-devel-linux-x86_64-fedora-gcc, r-devel-windows-x86_64, r-patched-linux-x86_64, r-release-linux-x86_64, r-release-macos-arm64, r-release-macos-x86_64, r-release-windows-x86_64, r-oldrel-macos-arm64, r-oldrel-macos-x86_64, r-oldrel-windows-ix86+x86_64

Version: 0.6.0
Check: compiled code
Result: NOTE
    File ‘humaniformat/libs/humaniformat.so’:
     Found no calls to: ‘R_registerRoutines’, ‘R_useDynamicSymbols’
    
    It is good practice to register native routines and to disable symbol
    search.
    
    See ‘Writing portable packages’ in the ‘Writing R Extensions’ manual.
Flavors: r-devel-linux-x86_64-fedora-clang, r-devel-linux-x86_64-fedora-gcc