CRAN Package Check Results for Package huito

Last updated on 2022-08-13 11:50:10 CEST.

Flavor Version Tinstall Tcheck Ttotal Status Flags
r-devel-linux-x86_64-debian-clang 0.2.1 8.05 123.77 131.82 OK
r-devel-linux-x86_64-debian-gcc 0.2.1 6.35 89.40 95.75 OK
r-devel-linux-x86_64-fedora-clang 0.2.1 175.29 OK
r-devel-linux-x86_64-fedora-gcc 0.2.1 163.67 OK
r-devel-windows-x86_64 0.2.1 28.00 159.00 187.00 OK
r-patched-linux-x86_64 0.2.0 7.69 114.95 122.64 ERROR
r-release-linux-x86_64 0.2.0 8.18 114.63 122.81 ERROR
r-release-macos-arm64 0.2.1 51.00 OK
r-release-macos-x86_64 0.2.0 78.00 OK
r-release-windows-x86_64 0.2.0 31.00 176.00 207.00 ERROR
r-oldrel-macos-arm64 0.2.1 61.00 OK
r-oldrel-macos-x86_64 0.2.0 87.00 OK
r-oldrel-windows-ix86+x86_64 0.2.1 21.00 178.00 199.00 OK

Check Details

Version: 0.2.0
Check: re-building of vignette outputs
Result: ERROR
    Error(s) in re-building vignettes:
     ...
    --- re-building ‘germinar.Rmd’ using rmarkdown
    Loading required package: magick
    Linking to ImageMagick 6.9.11.60
    Enabled features: fontconfig, freetype, fftw, heic, lcms, pango, webp, x11
    Disabled features: cairo, ghostscript, raw, rsvg
    Using 3 threads
    Loading required package: cowplot
    --- finished re-building ‘germinar.Rmd’
    
    --- re-building ‘huito.Rmd’ using rmarkdown
    Quitting from lines 29-31 (huito.Rmd)
    Error: processing vignette ‘huito.Rmd’ failed with diagnostics:
    could not find function "gdoc2rmd"
    --- failed re-building ‘huito.Rmd’
    
    --- re-building ‘labels.Rmd’ using rmarkdown
    --- finished re-building ‘labels.Rmd’
    
    --- re-building ‘stickers.Rmd’ using rmarkdown
    --- finished re-building ‘stickers.Rmd’
    
    SUMMARY: processing the following file failed:
     ‘huito.Rmd’
    
    Error: Vignette re-building failed.
    Execution halted
Flavors: r-patched-linux-x86_64, r-release-linux-x86_64

Version: 0.2.0
Check: re-building of vignette outputs
Result: ERROR
    Error(s) in re-building vignettes:
    --- re-building 'germinar.Rmd' using rmarkdown
    Loading required package: magick
    Linking to ImageMagick 6.9.12.3
    Enabled features: cairo, freetype, fftw, ghostscript, heic, lcms, pango, raw, rsvg, webp
    Disabled features: fontconfig, x11
    Loading required package: cowplot
    --- finished re-building 'germinar.Rmd'
    
    --- re-building 'huito.Rmd' using rmarkdown
    Quitting from lines 29-31 (huito.Rmd)
    Error: processing vignette 'huito.Rmd' failed with diagnostics:
    could not find function "gdoc2rmd"
    --- failed re-building 'huito.Rmd'
    
    --- re-building 'labels.Rmd' using rmarkdown
    --- finished re-building 'labels.Rmd'
    
    --- re-building 'stickers.Rmd' using rmarkdown
    --- finished re-building 'stickers.Rmd'
    
    SUMMARY: processing the following file failed:
     'huito.Rmd'
    
    Error: Vignette re-building failed.
    Execution halted
Flavor: r-release-windows-x86_64