Last updated on 2022-07-02 12:53:05 CEST.
Flavor | Version | Tinstall | Tcheck | Ttotal | Status | Flags |
---|---|---|---|---|---|---|
r-devel-linux-x86_64-debian-clang | 1.3.0 | 188.00 | 45.94 | 233.94 | OK | |
r-devel-linux-x86_64-debian-gcc | 1.3.0 | 175.39 | 35.25 | 210.64 | OK | |
r-devel-linux-x86_64-fedora-clang | 1.3.0 | 377.33 | NOTE | |||
r-devel-linux-x86_64-fedora-gcc | 1.3.0 | 369.85 | OK | |||
r-devel-windows-x86_64 | 1.3.0 | 287.00 | 156.00 | 443.00 | NOTE | |
r-patched-linux-x86_64 | 1.3.0 | 189.88 | 44.40 | 234.28 | OK | |
r-release-linux-x86_64 | 1.3.0 | 195.76 | 44.11 | 239.87 | OK | |
r-release-macos-arm64 | 1.3.0 | 102.00 | NOTE | |||
r-release-macos-x86_64 | 1.3.0 | 126.00 | NOTE | |||
r-release-windows-x86_64 | 1.3.0 | 267.00 | 155.00 | 422.00 | NOTE | |
r-oldrel-macos-arm64 | 1.3.0 | 97.00 | NOTE | |||
r-oldrel-macos-x86_64 | 1.3.0 | 123.00 | NOTE | |||
r-oldrel-windows-ix86+x86_64 | 1.3.0 | 498.00 | 136.00 | 634.00 | NOTE |
Version: 1.3.0
Check: installed package size
Result: NOTE
installed size is 22.7Mb
sub-directories of 1Mb or more:
libs 22.0Mb
Flavors: r-devel-linux-x86_64-fedora-clang, r-devel-windows-x86_64, r-release-macos-arm64, r-release-macos-x86_64, r-release-windows-x86_64, r-oldrel-macos-arm64, r-oldrel-macos-x86_64, r-oldrel-windows-ix86+x86_64