Last updated on 2022-06-27 11:50:45 CEST.
Flavor | Version | Tinstall | Tcheck | Ttotal | Status | Flags |
---|---|---|---|---|---|---|
r-devel-linux-x86_64-debian-clang | 0.5.0 | 48.18 | 43.41 | 91.59 | NOTE | |
r-devel-linux-x86_64-debian-gcc | 0.5.0 | 42.28 | 33.81 | 76.09 | NOTE | |
r-devel-linux-x86_64-fedora-clang | 0.5.0 | 144.21 | NOTE | |||
r-devel-linux-x86_64-fedora-gcc | 0.5.0 | 129.94 | NOTE | |||
r-devel-windows-x86_64 | 0.5.0 | 222.00 | 95.00 | 317.00 | NOTE | |
r-patched-linux-x86_64 | 0.5.0 | 41.98 | 42.91 | 84.89 | NOTE | |
r-release-linux-x86_64 | 0.5.0 | 44.85 | 42.83 | 87.68 | NOTE | |
r-release-macos-arm64 | 0.5.0 | 39.00 | NOTE | |||
r-release-macos-x86_64 | 0.5.0 | 50.00 | NOTE | |||
r-release-windows-x86_64 | 0.5.0 | 251.00 | 95.00 | 346.00 | NOTE | |
r-oldrel-macos-arm64 | 0.5.0 | 42.00 | NOTE | |||
r-oldrel-macos-x86_64 | 0.5.0 | 71.00 | NOTE | |||
r-oldrel-windows-ix86+x86_64 | 0.5.0 | 149.00 | 93.00 | 242.00 | NOTE |
Version: 0.5.0
Check: LazyData
Result: NOTE
'LazyData' is specified without a 'data' directory
Flavors: r-devel-linux-x86_64-debian-clang, r-devel-linux-x86_64-debian-gcc, r-devel-linux-x86_64-fedora-clang, r-devel-linux-x86_64-fedora-gcc, r-devel-windows-x86_64, r-patched-linux-x86_64, r-release-linux-x86_64, r-release-macos-arm64, r-release-macos-x86_64, r-release-windows-x86_64, r-oldrel-macos-arm64, r-oldrel-macos-x86_64, r-oldrel-windows-ix86+x86_64
Version: 0.5.0
Check: installed package size
Result: NOTE
installed size is 5.1Mb
sub-directories of 1Mb or more:
htmlwidgets 1.8Mb
libs 3.1Mb
Flavor: r-oldrel-windows-ix86+x86_64