Last updated on 2024-04-18 12:52:47 CEST.
Flavor | Version | Tinstall | Tcheck | Ttotal | Status | Flags |
---|---|---|---|---|---|---|
r-devel-linux-x86_64-debian-clang | 1.1 | 12.74 | 129.84 | 142.58 | OK | |
r-devel-linux-x86_64-debian-gcc | 1.1 | 13.74 | 95.41 | 109.15 | OK | |
r-devel-linux-x86_64-fedora-clang | 1.1 | 178.45 | OK | |||
r-devel-linux-x86_64-fedora-gcc | 1.1 | 178.59 | OK | |||
r-prerel-macos-arm64 | 1.1 | 47.00 | OK | |||
r-prerel-windows-x86_64 | 1.1 | 14.00 | 99.00 | 113.00 | OK | |
r-patched-linux-x86_64 | 1.1 | 13.25 | 123.47 | 136.72 | OK | |
r-release-linux-x86_64 | 1.1 | 13.36 | 128.98 | 142.34 | OK | |
r-release-macos-arm64 | 1.1 | 56.00 | OK | |||
r-release-macos-x86_64 | 1.1 | 94.00 | OK | |||
r-release-windows-x86_64 | 1.1 | 19.00 | 123.00 | 142.00 | OK | |
r-oldrel-macos-arm64 | 1.1 | 57.00 | ERROR | |||
r-oldrel-windows-x86_64 | 1.1 | 21.00 | 127.00 | 148.00 | OK |
Version: 1.1
Check: PDF version of manual
Result: WARN
LaTeX errors when creating PDF version.
This typically indicates Rd problems.
LaTeX errors found:
! LaTeX Error: Environment bmatrix undefined.
See the LaTeX manual or LaTeX Companion for explanation.
Type H <return> for immediate help.
...
! Misplaced alignment tab character &.
<argument> y = \begin {bmatrix} X_1&
0 \\ 0 & X_2 \\ \end {bmatrix} \begin ...
l.139 }{}
! Misplaced alignment tab character &.
<argument> y = \begin {bmatrix} X_1& 0 \\ 0 &
X_2 \\ \end {bmatrix} \begin ...
l.139 }{}
! LaTeX Error: \begin{list} on input line 114 ended by \end{bmatrix}.
See the LaTeX manual or LaTeX Companion for explanation.
Type H <return> for immediate help.
...
! LaTeX Error: Environment bmatrix undefined.
See the LaTeX manual or LaTeX Companion for explanation.
Type H <return> for immediate help.
...
! LaTeX Error: \begin{list} on input line 114 ended by \end{bmatrix}.
See the LaTeX manual or LaTeX Companion for explanation.
Type H <return> for immediate help.
...
! LaTeX Error: Environment bmatrix undefined.
See the LaTeX manual or LaTeX Companion for explanation.
Type H <return> for immediate help.
...
! Misplaced alignment tab character &.
<argument> ...ix} + X\beta + \begin {bmatrix} Y_1&
0 \\ 0 & Y_2 \\ \end {bma...
l.139 }{}
! Misplaced alignment tab character &.
<argument> ...eta + \begin {bmatrix} Y_1& 0 \\ 0 &
Y_2 \\ \end {bmatrix} \be...
l.139 }{}
! LaTeX Error: \begin{list} on input line 114 ended by \end{bmatrix}.
See the LaTeX manual or LaTeX Companion for explanation.
Type H <return> for immediate help.
...
! LaTeX Error: Environment bmatrix undefined.
See the LaTeX manual or LaTeX Companion for explanation.
Type H <return> for immediate help.
...
! LaTeX Error: \begin{list} on input line 114 ended by \end{bmatrix}.
See the LaTeX manual or LaTeX Companion for explanation.
Type H <return> for immediate help.
...
! LaTeX Error: Environment bmatrix undefined.
See the LaTeX manual or LaTeX Companion for explanation.
Type H <return> for immediate help.
...
! Misplaced alignment tab character &.
<argument> y = \begin {bmatrix} X_1&
0 \\ 0 & X_2 \\ \end {bmatrix} \begin ...
l.350 }{}
! Misplaced alignment tab character &.
<argument> y = \begin {bmatrix} X_1& 0 \\ 0 &
X_2 \\ \end {bmatrix} \begin ...
l.350 }{}
! LaTeX Error: \begin{list} on input line 332 ended by \end{bmatrix}.
See the LaTeX manual or LaTeX Companion for explanation.
Type H <return> for immediate help.
...
! LaTeX Error: Environment bmatrix undefined.
See the LaTeX manual or LaTeX Companion for explanation.
Type H <return> for immediate help.
...
! LaTeX Error: \begin{list} on input line 332 ended by \end{bmatrix}.
See the LaTeX manual or LaTeX Companion for explanation.
Type H <return> for immediate help.
...
! LaTeX Error: Environment aligned undefined.
See the LaTeX manual or LaTeX Companion for explanation.
Type H <return> for immediate help.
...
! Misplaced alignment tab character &.
<argument> \begin {aligned} y = &
W\begin {bmatrix} y_1& 0 \\ 0 & y_2 \\ \e...
l.560 }{}
! LaTeX Error: Environment bmatrix undefined.
See the LaTeX manual or LaTeX Companion for explanation.
Type H <return> for immediate help.
...
! Misplaced alignment tab character &.
<argument> ...ligned} y = & W\begin {bmatrix} y_1&
0 \\ 0 & y_2 \\ \end {bma...
l.560 }{}
! Misplaced alignment tab character &.
<argument> ... = & W\begin {bmatrix} y_1& 0 \\ 0 &
y_2 \\ \end {bmatrix} \be...
l.560 }{}
! LaTeX Error: \begin{list} on input line 499 ended by \end{bmatrix}.
See the LaTeX manual or LaTeX Companion for explanation.
Type H <return> for immediate help.
...
! LaTeX Error: Environment bmatrix undefined.
See the LaTeX manual or LaTeX Companion for explanation.
Type H <return> for immediate help.
...
! LaTeX Error: \begin{list} on input line 499 ended by \end{bmatrix}.
See the LaTeX manual or LaTeX Companion for explanation.
Type H <return> for immediate help.
...
! LaTeX Error: Environment bmatrix undefined.
See the LaTeX manual or LaTeX Companion for explanation.
Type H <return> for immediate help.
...
! Misplaced alignment tab character &.
<argument> ...nd {bmatrix} + \begin {bmatrix} X_1&
0 \\ 0 & X_2 \\ \end {bma...
l.560 }{}
! Misplaced alignment tab character &.
<argument> ...ix} + \begin {bmatrix} X_1& 0 \\ 0 &
X_2 \\ \end {bmatrix} \be...
l.560 }{}
! LaTeX Error: \begin{list} on input line 499 ended by \end{bmatrix}.
See the LaTeX manual or LaTeX Companion for explanation.
Type H <return> for immediate help.
...
! LaTeX Error: Environment bmatrix undefined.
See the LaTeX manual or LaTeX Companion for explanation.
Type H <return> for immediate help.
...
! LaTeX Error: \begin{list} on input line 499 ended by \end{bmatrix}.
See the LaTeX manual or LaTeX Companion for explanation.
Type H <return> for immediate help.
...
! LaTeX Error: Environment bmatrix undefined.
See the LaTeX manual or LaTeX Companion for explanation.
Type H <return> for immediate help.
...
! Misplaced alignment tab character &.
<argument> ...ix} + X\beta + \begin {bmatrix} Y_1&
0 \\ 0 & Y_2 \\ \end {bma...
l.560 }{}
! Misplaced alignment tab character &.
<argument> ...eta + \begin {bmatrix} Y_1& 0 \\ 0 &
Y_2 \\ \end {bmatrix} \be...
l.560 }{}
! LaTeX Error: \begin{list} on input line 499 ended by \end{bmatrix}.
See the LaTeX manual or LaTeX Companion for explanation.
Type H <return> for immediate help.
...
! LaTeX Error: Environment bmatrix undefined.
See the LaTeX manual or LaTeX Companion for explanation.
Type H <return> for immediate help.
...
! LaTeX Error: \begin{list} on input line 499 ended by \end{bmatrix}.
See the LaTeX manual or LaTeX Companion for explanation.
Type H <return> for immediate help.
...
! Misplaced alignment tab character &.
<recently read> &
l.560 }{}
! LaTeX Error: Environment bmatrix undefined.
See the LaTeX manual or LaTeX Companion for explanation.
Type H <return> for immediate help.
...
! Misplaced alignment tab character &.
<argument> ...+ Y\pi + \\ & W\begin {bmatrix} X_1&
0 \\ 0 & X_2 \\ \end {bma...
l.560 }{}
! Misplaced alignment tab character &.
<argument> ...\\ & W\begin {bmatrix} X_1& 0 \\ 0 &
X_2 \\ \end {bmatrix} \be...
l.560 }{}
! LaTeX Error: \begin{list} on input line 499 ended by \end{bmatrix}.
See the LaTeX manual or LaTeX Companion for explanation.
Type H <return> for immediate help.
...
! LaTeX Error: Environment bmatrix undefined.
See the LaTeX manual or LaTeX Companion for explanation.
Type H <return> for immediate help.
...
! LaTeX Error: \begin{list} on input line 499 ended by \end{bmatrix}.
See the LaTeX manual or LaTeX Companion for explanation.
Type H <return> for immediate help.
...
! LaTeX Error: Environment bmatrix undefined.
See the LaTeX manual or LaTeX Companion for explanation.
Type H <return> for immediate help.
...
! Misplaced alignment tab character &.
<argument> ...+ WX\delta + W \begin {bmatrix} Y_1&
0 \\ 0 & Y_2 \\ \end {bma...
l.560 }{}
! Misplaced alignment tab character &.
<argument> ...a + W \begin {bmatrix} Y_1& 0 \\ 0 &
Y_2 \\ \end {bmatrix} \be...
l.560 }{}
! LaTeX Error: \begin{list} on input line 499 ended by \end{bmatrix}.
See the LaTeX manual or LaTeX Companion for explanation.
Type H <return> for immediate help.
...
! LaTeX Error: Environment bmatrix undefined.
See the LaTeX manual or LaTeX Companion for explanation.
Type H <return> for immediate help.
...
! LaTeX Error: \begin{list} on input line 499 ended by \end{bmatrix}.
See the LaTeX manual or LaTeX Companion for explanation.
Type H <return> for immediate help.
...
! LaTeX Error: Environment bmatrix undefined.
See the LaTeX manual or LaTeX Companion for explanation.
Type H <return> for immediate help.
...
! LaTeX Error: \begin{list} on input line 499 ended by \end{bmatrix}.
See the LaTeX manual or LaTeX Companion for explanation.
Type H <return> for immediate help.
...
! LaTeX Error: \begin{list} on input line 499 ended by \end{aligned}.
See the LaTeX manual or LaTeX Companion for explanation.
Type H <return> for immediate help.
...
! LaTeX Error: Environment bmatrix undefined.
See the LaTeX manual or LaTeX Companion for explanation.
Type H <return> for immediate help.
...
! LaTeX Error: \begin{list} on input line 499 ended by \end{bmatrix}.
See the LaTeX manual or LaTeX Companion for explanation.
Type H <return> for immediate help.
...
! LaTeX Error: Environment bmatrix undefined.
See the LaTeX manual or LaTeX Companion for explanation.
Type H <return> for immediate help.
...
! Misplaced alignment tab character &.
<argument> ... =W \begin {bmatrix} \varepsilon _1&
0 \\ 0&\varepsilon _2 \\ \...
l.576 }{}
! Misplaced alignment tab character &.
<argument> ...gin {bmatrix} \varepsilon _1&0 \\ 0&
\varepsilon _2 \\ \end {bm...
l.576 }{}
! LaTeX Error: \begin{list} on input line 499 ended by \end{bmatrix}.
See the LaTeX manual or LaTeX Companion for explanation.
Type H <return> for immediate help.
...
! LaTeX Error: Environment bmatrix undefined.
See the LaTeX manual or LaTeX Companion for explanation.
Type H <return> for immediate help.
...
! LaTeX Error: \begin{list} on input line 499 ended by \end{bmatrix}.
See the LaTeX manual or LaTeX Companion for explanation.
Type H <return> for immediate help.
...
Flavor: r-oldrel-macos-arm64
Version: 1.1
Check: PDF version of manual without index
Result: ERROR
Flavor: r-oldrel-macos-arm64