Last updated on 2025-04-29 12:52:38 CEST.
Flavor | Version | Tinstall | Tcheck | Ttotal | Status | Flags |
---|---|---|---|---|---|---|
r-devel-linux-x86_64-debian-clang | 0.0-28 | 1.22 | 12.18 | 13.40 | NOTE | |
r-devel-linux-x86_64-debian-gcc | 0.0-28 | 1.20 | 10.12 | 11.32 | NOTE | |
r-devel-linux-x86_64-fedora-clang | 0.0-28 | 20.95 | OK | |||
r-devel-linux-x86_64-fedora-gcc | 0.0-28 | 19.93 | OK | |||
r-devel-windows-x86_64 | 0.0-28 | 2.00 | 22.00 | 24.00 | OK | |
r-patched-linux-x86_64 | 0.0-28 | 1.37 | 11.65 | 13.02 | OK | |
r-release-linux-x86_64 | 0.0-28 | 1.35 | 11.63 | 12.98 | OK | |
r-release-macos-arm64 | 0.0-28 | 9.00 | OK | |||
r-release-macos-x86_64 | 0.0-28 | 15.00 | OK | |||
r-release-windows-x86_64 | 0.0-28 | 2.00 | 25.00 | 27.00 | OK | |
r-oldrel-macos-arm64 | 0.0-28 | 10.00 | OK | |||
r-oldrel-macos-x86_64 | 0.0-28 | 17.00 | OK | |||
r-oldrel-windows-x86_64 | 0.0-28 | 2.00 | 22.00 | 24.00 | OK |
Version: 0.0-28
Check: CRAN incoming feasibility
Result: NOTE
Maintainer: ‘Rolf Turner <r.turner@auckland.ac.nz>’
No Authors@R field in DESCRIPTION.
Please add one, modifying
Authors@R: person(given = "Rolf",
family = "Turner",
role = c("aut", "cre"),
email = "r.turner@auckland.ac.nz")
as necessary.
Flavors: r-devel-linux-x86_64-debian-clang, r-devel-linux-x86_64-debian-gcc