Last updated on 2022-06-27 11:50:45 CEST.
Flavor | Version | Tinstall | Tcheck | Ttotal | Status | Flags |
---|---|---|---|---|---|---|
r-devel-linux-x86_64-debian-clang | 1.0.4 | 103.93 | 563.85 | 667.78 | NOTE | |
r-devel-linux-x86_64-debian-gcc | 1.0.4 | 78.78 | 412.86 | 491.64 | NOTE | |
r-devel-linux-x86_64-fedora-clang | 1.0.4 | 785.71 | NOTE | |||
r-devel-linux-x86_64-fedora-gcc | 1.0.4 | 796.07 | NOTE | |||
r-devel-windows-x86_64 | 1.0.4 | 161.00 | 596.00 | 757.00 | NOTE | |
r-patched-linux-x86_64 | 1.0.4 | 102.35 | 538.33 | 640.68 | OK | |
r-release-linux-x86_64 | 1.0.4 | 66.24 | 537.26 | 603.50 | OK | |
r-release-macos-arm64 | 1.0.4 | 197.00 | NOTE | |||
r-release-macos-x86_64 | 1.0.4 | 350.00 | NOTE | |||
r-release-windows-x86_64 | 1.0.4 | 178.00 | 604.00 | 782.00 | NOTE | |
r-oldrel-macos-arm64 | 1.0.4 | 134.00 | NOTE | |||
r-oldrel-macos-x86_64 | 1.0.4 | 267.00 | NOTE | |||
r-oldrel-windows-ix86+x86_64 | 1.0.4 | 199.00 | 788.00 | 987.00 | NOTE |
Version: 1.0.4
Check: Rd files
Result: NOTE
checkRd: (-1) attributes_speclib.Rd:73: Escaped LaTeX specials: \$
checkRd: (-1) get_reflectance.Rd:34: Escaped LaTeX specials: \&
Flavors: r-devel-linux-x86_64-debian-clang, r-devel-linux-x86_64-debian-gcc, r-devel-linux-x86_64-fedora-clang, r-devel-linux-x86_64-fedora-gcc, r-devel-windows-x86_64
Version: 1.0.4
Check: installed package size
Result: NOTE
installed size is 6.2Mb
sub-directories of 1Mb or more:
R 2.1Mb
doc 2.5Mb
Flavors: r-devel-linux-x86_64-fedora-clang, r-devel-windows-x86_64, r-release-macos-arm64, r-release-macos-x86_64, r-release-windows-x86_64, r-oldrel-macos-arm64, r-oldrel-macos-x86_64, r-oldrel-windows-ix86+x86_64