Last updated on 2024-04-25 07:59:55 CEST.
Flavor | Version | Tinstall | Tcheck | Ttotal | Status | Flags |
---|---|---|---|---|---|---|
r-devel-linux-x86_64-debian-clang | 1.2 | 3.75 | 52.16 | 55.91 | NOTE | |
r-devel-linux-x86_64-debian-gcc | 1.2 | 2.71 | 39.75 | 42.46 | NOTE | |
r-devel-linux-x86_64-fedora-clang | 1.2 | 72.47 | NOTE | |||
r-devel-linux-x86_64-fedora-gcc | 1.2 | 82.10 | NOTE | |||
r-devel-windows-x86_64 | 1.2 | 5.00 | 65.00 | 70.00 | NOTE | |
r-patched-linux-x86_64 | 1.2 | 2.26 | 51.57 | 53.83 | NOTE | |
r-release-linux-x86_64 | 1.2 | 3.69 | 50.83 | 54.52 | OK | |
r-release-macos-arm64 | 1.2 | 32.00 | NOTE | |||
r-release-windows-x86_64 | 1.2 | 4.00 | 63.00 | 67.00 | NOTE | |
r-oldrel-macos-arm64 | 1.2 | 35.00 | OK | |||
r-oldrel-macos-x86_64 | 1.2 | 50.00 | OK | |||
r-oldrel-windows-x86_64 | 1.2 | 6.00 | 70.00 | 76.00 | OK |
Version: 1.2
Check: Rd files
Result: NOTE
checkRd: (-1) hd.ord.Rd:43: Lost braces in \itemize; \value handles \item{}{} directly
checkRd: (-1) hd.ord.Rd:44: Lost braces in \itemize; \value handles \item{}{} directly
checkRd: (-1) hd.ord.Rd:45: Lost braces in \itemize; \value handles \item{}{} directly
checkRd: (-1) hd.ord.Rd:46: Lost braces in \itemize; \value handles \item{}{} directly
checkRd: (-1) hd.ord.Rd:47: Lost braces in \itemize; \value handles \item{}{} directly
checkRd: (-1) hd.ord.Rd:48: Lost braces in \itemize; \value handles \item{}{} directly
checkRd: (-1) hd.ord.Rd:49: Lost braces in \itemize; \value handles \item{}{} directly
checkRd: (-1) hd.ord.Rd:50: Lost braces in \itemize; \value handles \item{}{} directly
checkRd: (-1) hd.ord.Rd:51: Lost braces in \itemize; \value handles \item{}{} directly
checkRd: (-1) hd.ord.Rd:52: Lost braces in \itemize; \value handles \item{}{} directly
checkRd: (-1) hd.ord.Rd:53: Lost braces in \itemize; \value handles \item{}{} directly
checkRd: (-1) hd.ord.Rd:54: Lost braces in \itemize; \value handles \item{}{} directly
checkRd: (-1) hd.ord.Rd:55: Lost braces in \itemize; \value handles \item{}{} directly
checkRd: (-1) hd.ord.Rd:56: Lost braces in \itemize; \value handles \item{}{} directly
checkRd: (-1) hot.deck.Rd:39: Lost braces in \itemize; \value handles \item{}{} directly
checkRd: (-1) hot.deck.Rd:40: Lost braces in \itemize; \value handles \item{}{} directly
checkRd: (-1) hot.deck.Rd:41: Lost braces in \itemize; \value handles \item{}{} directly
checkRd: (-1) hot.deck.Rd:42: Lost braces in \itemize; \value handles \item{}{} directly
checkRd: (-1) hot.deck.Rd:43: Lost braces in \itemize; \value handles \item{}{} directly
checkRd: (-1) hot.deck.Rd:44: Lost braces in \itemize; \value handles \item{}{} directly
Flavors: r-devel-linux-x86_64-debian-clang, r-devel-linux-x86_64-debian-gcc, r-devel-linux-x86_64-fedora-clang, r-devel-linux-x86_64-fedora-gcc, r-devel-windows-x86_64, r-patched-linux-x86_64, r-release-macos-arm64, r-release-windows-x86_64