CRAN Package Check Results for Package holodeck

Last updated on 2022-06-24 11:52:09 CEST.

Flavor Version Tinstall Tcheck Ttotal Status Flags
r-devel-linux-x86_64-debian-clang 0.2.1 4.30 107.85 112.15 NOTE
r-devel-linux-x86_64-debian-gcc 0.2.1 4.02 76.47 80.49 NOTE
r-devel-linux-x86_64-fedora-clang 0.2.1 134.60 NOTE
r-devel-linux-x86_64-fedora-gcc 0.2.1 135.40 NOTE
r-devel-windows-x86_64 0.2.1 17.00 127.00 144.00 NOTE
r-patched-linux-x86_64 0.2.1 4.00 99.05 103.05 NOTE
r-release-linux-x86_64 0.2.1 4.80 99.18 103.98 NOTE
r-release-macos-arm64 0.2.1 37.00 NOTE
r-release-macos-x86_64 0.2.1 73.00 NOTE
r-release-windows-x86_64 0.2.1 15.00 130.00 145.00 NOTE
r-oldrel-macos-arm64 0.2.1 42.00 NOTE
r-oldrel-macos-x86_64 0.2.1 54.00 NOTE
r-oldrel-windows-ix86+x86_64 0.2.1 13.00 125.00 138.00 NOTE

Check Details

Version: 0.2.1
Check: LazyData
Result: NOTE
     'LazyData' is specified without a 'data' directory
Flavors: r-devel-linux-x86_64-debian-clang, r-devel-linux-x86_64-debian-gcc, r-devel-linux-x86_64-fedora-clang, r-devel-linux-x86_64-fedora-gcc, r-devel-windows-x86_64, r-patched-linux-x86_64, r-release-linux-x86_64, r-release-macos-arm64, r-release-macos-x86_64, r-release-windows-x86_64, r-oldrel-macos-arm64, r-oldrel-macos-x86_64, r-oldrel-windows-ix86+x86_64