CRAN Package Check Results for Package holiglm

Last updated on 2022-10-05 11:52:13 CEST.

Flavor Version Tinstall Tcheck Ttotal Status Flags
r-devel-linux-x86_64-debian-clang 0.2.1 30.20 322.66 352.86 NOTE
r-devel-linux-x86_64-debian-gcc 0.2.1 22.35 218.00 240.35 NOTE
r-devel-linux-x86_64-fedora-clang 0.2.1 435.97 NOTE
r-devel-linux-x86_64-fedora-gcc 0.2.1 426.46 NOTE
r-devel-windows-x86_64 0.2.1 47.00 282.00 329.00 NOTE
r-patched-linux-x86_64 0.2.1 28.09 294.32 322.41 NOTE
r-release-linux-x86_64 0.2.1 31.20 296.33 327.53 NOTE
r-release-macos-arm64 0.2.1 82.00 NOTE
r-release-macos-x86_64 0.2.1 112.00 NOTE
r-release-windows-x86_64 0.2.1 41.00 274.00 315.00 NOTE
r-oldrel-macos-arm64 0.2.1 74.00 NOTE
r-oldrel-macos-x86_64 0.2.1 110.00 NOTE
r-oldrel-windows-ix86+x86_64 0.2.1 71.00 317.00 388.00 NOTE

Check Details

Version: 0.2.1
Check: package dependencies
Result: NOTE
    Package suggested but not available for checking: 'ROI.plugin.mosek'
Flavors: r-devel-linux-x86_64-debian-clang, r-devel-linux-x86_64-debian-gcc, r-devel-linux-x86_64-fedora-clang, r-devel-linux-x86_64-fedora-gcc, r-devel-windows-x86_64, r-patched-linux-x86_64, r-release-linux-x86_64, r-release-macos-arm64, r-release-macos-x86_64, r-release-windows-x86_64, r-oldrel-macos-arm64, r-oldrel-macos-x86_64, r-oldrel-windows-ix86+x86_64