Last updated on 2022-07-06 12:53:37 CEST.
Flavor | Version | Tinstall | Tcheck | Ttotal | Status | Flags |
---|---|---|---|---|---|---|
r-devel-linux-x86_64-debian-clang | 2.1.4.1 | 17.66 | 152.54 | 170.20 | NOTE | |
r-devel-linux-x86_64-debian-gcc | 2.1.4.1 | 14.81 | 112.03 | 126.84 | NOTE | |
r-devel-linux-x86_64-fedora-clang | 2.1.4.1 | 205.17 | NOTE | |||
r-devel-linux-x86_64-fedora-gcc | 2.1.4.1 | 209.55 | NOTE | |||
r-devel-windows-x86_64 | 2.1.4.1 | 47.00 | 183.00 | 230.00 | NOTE | |
r-patched-linux-x86_64 | 2.1.4.1 | 21.48 | 136.73 | 158.21 | OK | |
r-release-linux-x86_64 | 2.1.4.1 | 22.12 | 138.92 | 161.04 | OK | |
r-release-macos-arm64 | 2.1.4.1 | 62.00 | OK | |||
r-release-macos-x86_64 | 2.1.4.1 | 76.00 | OK | |||
r-release-windows-x86_64 | 2.1.4.1 | 49.00 | 194.00 | 243.00 | OK | |
r-oldrel-macos-arm64 | 2.1.4.1 | 63.00 | OK | |||
r-oldrel-macos-x86_64 | 2.1.4.1 | 118.00 | OK | |||
r-oldrel-windows-ix86+x86_64 | 2.1.4.1 | 35.00 | 174.00 | 209.00 | OK |
Version: 2.1.4.1
Check: Rd files
Result: NOTE
checkRd: (-1) Dmean.Rd:62: Escaped LaTeX specials: \&
checkRd: (-1) Dvar.Rd:63: Escaped LaTeX specials: \&
checkRd: (-1) babies.Rd:35: Escaped LaTeX specials: \&
checkRd: (-1) residuals.rsm.Rd:74: Escaped LaTeX specials: \&
Flavors: r-devel-linux-x86_64-debian-clang, r-devel-linux-x86_64-debian-gcc, r-devel-linux-x86_64-fedora-clang, r-devel-linux-x86_64-fedora-gcc, r-devel-windows-x86_64
Version: 2.1.4.1
Check: Rd cross-references
Result: NOTE
Undeclared packages ‘nlreg’, ‘cond’, ‘marg’ in Rd xrefs
Flavor: r-devel-linux-x86_64-fedora-clang