CRAN Package Check Results for Package hmmTMB

Last updated on 2024-02-26 12:54:25 CET.

Flavor Version Tinstall Tcheck Ttotal Status Flags
r-devel-linux-x86_64-debian-clang 1.0.2 229.10 308.54 537.64 OK
r-devel-linux-x86_64-debian-gcc 1.0.2 202.43 227.72 430.15 OK
r-devel-linux-x86_64-fedora-clang 1.0.2 620.31 OK
r-devel-linux-x86_64-fedora-gcc 1.0.2 773.50 OK
r-devel-windows-x86_64 1.0.2 148.00 224.00 372.00 NOTE
r-patched-linux-x86_64 1.0.2 168.04 302.84 470.88 OK
r-release-linux-x86_64 1.0.2 170.61 299.63 470.24 OK
r-release-macos-arm64 1.0.2 161.00 NOTE
r-release-macos-x86_64 1.0.2 408.00 NOTE
r-release-windows-x86_64 1.0.2 199.00 301.00 500.00 NOTE
r-oldrel-macos-arm64 1.0.2 170.00 NOTE
r-oldrel-windows-x86_64 1.0.2 190.00 297.00 487.00 NOTE

Check Details

Version: 1.0.2
Check: installed package size
Result: NOTE installed size is 14.9Mb sub-directories of 1Mb or more: libs 13.7Mb Flavors: r-devel-windows-x86_64, r-release-macos-arm64, r-release-macos-x86_64, r-release-windows-x86_64, r-oldrel-macos-arm64, r-oldrel-windows-x86_64